{"id":1274,"date":"2022-06-30T00:58:27","date_gmt":"2022-06-30T03:58:27","guid":{"rendered":"https:\/\/www.autopint.com.uy\/?post_type=product&#038;p=1274"},"modified":"2024-09-05T11:43:53","modified_gmt":"2024-09-05T14:43:53","slug":"iluminacion-led-hexagonal","status":"publish","type":"product","link":"https:\/\/www.autopint.com.uy\/?product=iluminacion-led-hexagonal","title":{"rendered":"Iluminacion led hexagonal"},"content":{"rendered":"<ul>\n<li>Iluminacion led hexagonal Color de emisi\u00f3n: Blanco<\/li>\n<li>8 amperios<\/li>\n<li>Flujo luminoso de la l\u00e1mpara (lm): 110-120LM\/W<\/li>\n<li>Potencia 6w<\/li>\n<li>Voltaje CA 100 \u2013 230 voltios<\/li>\n<li>\u00cdndice de reproducci\u00f3n crom\u00e1tica 90<\/li>\n<li>Temperatura de color correlacionada 65000k Luz diurna<\/li>\n<li>Temperatura de trabajo: 20 \u2013 40<\/li>\n<li>Vida laboral: 60000 horas<\/li>\n<li>\u00c1ngulo de haz de luz 180 grados<\/li>\n<li>Dimensi\u00f3n hexagonal 840 x 940 \u2013 37 mm D 20 mm A<\/li>\n<li>Tama\u00f1o de cuadr\u00edcula personalizado<\/li>\n<li><\/li>\n<\/ul>\n","protected":false},"excerpt":{"rendered":"<ul>\n<li>Color de emisi\u00f3n: Blanco<\/li>\n<li>8 amperios<\/li>\n<li>Flujo luminoso de la l\u00e1mpara (lm): 110-120LM\/W<\/li>\n<li>Potencia 6w<\/li>\n<li>Voltaje CA 100 \u2013 230 voltios<\/li>\n<li>\u00cdndice de reproducci\u00f3n crom\u00e1tica 90<\/li>\n<li>Temperatura de color correlacionada 65000k Luz diurna<\/li>\n<li>Temperatura de trabajo: 20 \u2013 40<\/li>\n<li>Vida laboral: 60000 horas<\/li>\n<li>\u00c1ngulo de haz de luz 180 grados<\/li>\n<li>Dimensi\u00f3n hexagonal 840 x 940 \u2013 37 mm D 20 mm A<\/li>\n<li>Tama\u00f1o de cuadr\u00edcula personalizado<\/li>\n<\/ul>\n","protected":false},"featured_media":1275,"template":"","meta":{"site-sidebar-layout":"default","site-content-layout":"default","ast-global-header-display":"","ast-main-header-display":"","ast-hfb-above-header-display":"","ast-hfb-below-header-display":"","ast-hfb-mobile-header-display":"","site-post-title":"","ast-breadcrumbs-content":"","ast-featured-img":"","footer-sml-layout":"","theme-transparent-header-meta":"default","adv-header-id-meta":"","stick-header-meta":"","header-above-stick-meta":"","header-main-stick-meta":"","header-below-stick-meta":"","_joinchat":{"telephone":"+59898715457"}},"product_cat":[22,29],"product_tag":[],"yoast_head":"<!-- This site is optimized with the Yoast SEO plugin v19.11 - https:\/\/yoast.com\/wordpress\/plugins\/seo\/ -->\n<title>Iluminacion led hexagonal &bull; AUTOPINT SHOP- Car Repair System - Herramientas - Protecci\u00f3n - Pulidos - Detailing<\/title>\n<meta name=\"description\" content=\"Iluminacion led hexagonal. Color de emisi\u00f3n Blanco Incrementa la productividad y estetica en tu local con nuestras luces profesionales,te vas a sorprender!!\" \/>\n<meta name=\"robots\" content=\"index, follow, max-snippet:-1, max-image-preview:large, max-video-preview:-1\" \/>\n<link rel=\"canonical\" href=\"https:\/\/www.autopint.com.uy\/?product=iluminacion-led-hexagonal\" \/>\n<meta property=\"og:locale\" content=\"es_ES\" \/>\n<meta property=\"og:type\" content=\"article\" \/>\n<meta property=\"og:title\" content=\"Iluminacion led hexagonal &bull; AUTOPINT SHOP- Car Repair System - Herramientas - Protecci\u00f3n - Pulidos - Detailing\" \/>\n<meta property=\"og:description\" content=\"Iluminacion led hexagonal. Color de emisi\u00f3n Blanco Incrementa la productividad y estetica en tu local con nuestras luces profesionales,te vas a sorprender!!\" \/>\n<meta property=\"og:url\" content=\"https:\/\/www.autopint.com.uy\/?product=iluminacion-led-hexagonal\" \/>\n<meta property=\"og:site_name\" content=\"AUTOPINT SHOP- Car Repair System - Herramientas - Protecci\u00f3n - Pulidos - Detailing\" \/>\n<meta property=\"article:modified_time\" content=\"2024-09-05T14:43:53+00:00\" \/>\n<meta property=\"og:image\" content=\"https:\/\/www.autopint.com.uy\/wp-content\/uploads\/2022\/06\/Project-37-1024x1024.png\" \/>\n\t<meta property=\"og:image:width\" content=\"1024\" \/>\n\t<meta property=\"og:image:height\" content=\"1024\" \/>\n\t<meta property=\"og:image:type\" content=\"image\/jpeg\" \/>\n<meta name=\"twitter:card\" content=\"summary_large_image\" \/>\n<meta name=\"twitter:label1\" content=\"Tiempo de lectura\" \/>\n\t<meta name=\"twitter:data1\" content=\"1 minuto\" \/>\n<script type=\"application\/ld+json\" class=\"yoast-schema-graph\">{\"@context\":\"https:\/\/schema.org\",\"@graph\":[{\"@type\":\"WebPage\",\"@id\":\"https:\/\/www.autopint.com.uy\/?product=iluminacion-led-hexagonal\",\"url\":\"https:\/\/www.autopint.com.uy\/?product=iluminacion-led-hexagonal\",\"name\":\"Iluminacion led hexagonal &bull; AUTOPINT SHOP- Car Repair System - Herramientas - Protecci\u00f3n - Pulidos - Detailing\",\"isPartOf\":{\"@id\":\"https:\/\/www.autopint.com.uy\/#website\"},\"datePublished\":\"2022-06-30T03:58:27+00:00\",\"dateModified\":\"2024-09-05T14:43:53+00:00\",\"description\":\"Iluminacion led hexagonal. Color de emisi\u00f3n Blanco Incrementa la productividad y estetica en tu local con nuestras luces profesionales,te vas a sorprender!!\",\"breadcrumb\":{\"@id\":\"https:\/\/www.autopint.com.uy\/?product=iluminacion-led-hexagonal#breadcrumb\"},\"inLanguage\":\"es\",\"potentialAction\":[{\"@type\":\"ReadAction\",\"target\":[\"https:\/\/www.autopint.com.uy\/?product=iluminacion-led-hexagonal\"]}]},{\"@type\":\"BreadcrumbList\",\"@id\":\"https:\/\/www.autopint.com.uy\/?product=iluminacion-led-hexagonal#breadcrumb\",\"itemListElement\":[{\"@type\":\"ListItem\",\"position\":1,\"name\":\"Portada\",\"item\":\"https:\/\/www.autopint.com.uy\/\"},{\"@type\":\"ListItem\",\"position\":2,\"name\":\"Tienda\",\"item\":\"https:\/\/www.autopint.com.uy\/?page_id=51\"},{\"@type\":\"ListItem\",\"position\":3,\"name\":\"Iluminacion led hexagonal\"}]},{\"@type\":\"WebSite\",\"@id\":\"https:\/\/www.autopint.com.uy\/#website\",\"url\":\"https:\/\/www.autopint.com.uy\/\",\"name\":\"AUTOPINT SHOP- Car Repair System - Herramientas - Protecci\u00f3n - Pulidos - Detailing\",\"description\":\"IMPORTACION Y VENTA DE INSUMOS PARA REPINTADO AUTOMOTRIZ\",\"publisher\":{\"@id\":\"https:\/\/www.autopint.com.uy\/#organization\"},\"potentialAction\":[{\"@type\":\"SearchAction\",\"target\":{\"@type\":\"EntryPoint\",\"urlTemplate\":\"https:\/\/www.autopint.com.uy\/?s={search_term_string}\"},\"query-input\":\"required name=search_term_string\"}],\"inLanguage\":\"es\"},{\"@type\":\"Organization\",\"@id\":\"https:\/\/www.autopint.com.uy\/#organization\",\"name\":\"Autopint-Carrepairsystem\",\"url\":\"https:\/\/www.autopint.com.uy\/\",\"logo\":{\"@type\":\"ImageObject\",\"inLanguage\":\"es\",\"@id\":\"https:\/\/www.autopint.com.uy\/#\/schema\/logo\/image\/\",\"url\":\"https:\/\/www.autopint.com.uy\/wp-content\/uploads\/2020\/05\/cropped-Logo-2.png\",\"contentUrl\":\"https:\/\/www.autopint.com.uy\/wp-content\/uploads\/2020\/05\/cropped-Logo-2.png\",\"width\":600,\"height\":150,\"caption\":\"Autopint-Carrepairsystem\"},\"image\":{\"@id\":\"https:\/\/www.autopint.com.uy\/#\/schema\/logo\/image\/\"}}]}<\/script>\n<!-- \/ Yoast SEO plugin. -->","yoast_head_json":{"title":"Iluminacion led hexagonal &bull; AUTOPINT SHOP- Car Repair System - Herramientas - Protecci\u00f3n - Pulidos - Detailing","description":"Iluminacion led hexagonal. Color de emisi\u00f3n Blanco Incrementa la productividad y estetica en tu local con nuestras luces profesionales,te vas a sorprender!!","robots":{"index":"index","follow":"follow","max-snippet":"max-snippet:-1","max-image-preview":"max-image-preview:large","max-video-preview":"max-video-preview:-1"},"canonical":"https:\/\/www.autopint.com.uy\/?product=iluminacion-led-hexagonal","og_locale":"es_ES","og_type":"article","og_title":"Iluminacion led hexagonal &bull; AUTOPINT SHOP- Car Repair System - Herramientas - Protecci\u00f3n - Pulidos - Detailing","og_description":"Iluminacion led hexagonal. Color de emisi\u00f3n Blanco Incrementa la productividad y estetica en tu local con nuestras luces profesionales,te vas a sorprender!!","og_url":"https:\/\/www.autopint.com.uy\/?product=iluminacion-led-hexagonal","og_site_name":"AUTOPINT SHOP- Car Repair System - Herramientas - Protecci\u00f3n - Pulidos - Detailing","article_modified_time":"2024-09-05T14:43:53+00:00","og_image":[{"width":1024,"height":1024,"url":"https:\/\/www.autopint.com.uy\/wp-content\/uploads\/2022\/06\/Project-37-1024x1024.png","type":"image\/jpeg"}],"twitter_card":"summary_large_image","twitter_misc":{"Tiempo de lectura":"1 minuto"},"schema":{"@context":"https:\/\/schema.org","@graph":[{"@type":"WebPage","@id":"https:\/\/www.autopint.com.uy\/?product=iluminacion-led-hexagonal","url":"https:\/\/www.autopint.com.uy\/?product=iluminacion-led-hexagonal","name":"Iluminacion led hexagonal &bull; AUTOPINT SHOP- Car Repair System - Herramientas - Protecci\u00f3n - Pulidos - Detailing","isPartOf":{"@id":"https:\/\/www.autopint.com.uy\/#website"},"datePublished":"2022-06-30T03:58:27+00:00","dateModified":"2024-09-05T14:43:53+00:00","description":"Iluminacion led hexagonal. Color de emisi\u00f3n Blanco Incrementa la productividad y estetica en tu local con nuestras luces profesionales,te vas a sorprender!!","breadcrumb":{"@id":"https:\/\/www.autopint.com.uy\/?product=iluminacion-led-hexagonal#breadcrumb"},"inLanguage":"es","potentialAction":[{"@type":"ReadAction","target":["https:\/\/www.autopint.com.uy\/?product=iluminacion-led-hexagonal"]}]},{"@type":"BreadcrumbList","@id":"https:\/\/www.autopint.com.uy\/?product=iluminacion-led-hexagonal#breadcrumb","itemListElement":[{"@type":"ListItem","position":1,"name":"Portada","item":"https:\/\/www.autopint.com.uy\/"},{"@type":"ListItem","position":2,"name":"Tienda","item":"https:\/\/www.autopint.com.uy\/?page_id=51"},{"@type":"ListItem","position":3,"name":"Iluminacion led hexagonal"}]},{"@type":"WebSite","@id":"https:\/\/www.autopint.com.uy\/#website","url":"https:\/\/www.autopint.com.uy\/","name":"AUTOPINT SHOP- Car Repair System - Herramientas - Protecci\u00f3n - Pulidos - Detailing","description":"IMPORTACION Y VENTA DE INSUMOS PARA REPINTADO AUTOMOTRIZ","publisher":{"@id":"https:\/\/www.autopint.com.uy\/#organization"},"potentialAction":[{"@type":"SearchAction","target":{"@type":"EntryPoint","urlTemplate":"https:\/\/www.autopint.com.uy\/?s={search_term_string}"},"query-input":"required name=search_term_string"}],"inLanguage":"es"},{"@type":"Organization","@id":"https:\/\/www.autopint.com.uy\/#organization","name":"Autopint-Carrepairsystem","url":"https:\/\/www.autopint.com.uy\/","logo":{"@type":"ImageObject","inLanguage":"es","@id":"https:\/\/www.autopint.com.uy\/#\/schema\/logo\/image\/","url":"https:\/\/www.autopint.com.uy\/wp-content\/uploads\/2020\/05\/cropped-Logo-2.png","contentUrl":"https:\/\/www.autopint.com.uy\/wp-content\/uploads\/2020\/05\/cropped-Logo-2.png","width":600,"height":150,"caption":"Autopint-Carrepairsystem"},"image":{"@id":"https:\/\/www.autopint.com.uy\/#\/schema\/logo\/image\/"}}]}},"_links":{"self":[{"href":"https:\/\/www.autopint.com.uy\/index.php?rest_route=\/wp\/v2\/product\/1274"}],"collection":[{"href":"https:\/\/www.autopint.com.uy\/index.php?rest_route=\/wp\/v2\/product"}],"about":[{"href":"https:\/\/www.autopint.com.uy\/index.php?rest_route=\/wp\/v2\/types\/product"}],"wp:featuredmedia":[{"embeddable":true,"href":"https:\/\/www.autopint.com.uy\/index.php?rest_route=\/wp\/v2\/media\/1275"}],"wp:attachment":[{"href":"https:\/\/www.autopint.com.uy\/index.php?rest_route=%2Fwp%2Fv2%2Fmedia&parent=1274"}],"wp:term":[{"taxonomy":"product_cat","embeddable":true,"href":"https:\/\/www.autopint.com.uy\/index.php?rest_route=%2Fwp%2Fv2%2Fproduct_cat&post=1274"},{"taxonomy":"product_tag","embeddable":true,"href":"https:\/\/www.autopint.com.uy\/index.php?rest_route=%2Fwp%2Fv2%2Fproduct_tag&post=1274"}],"curies":[{"name":"wp","href":"https:\/\/api.w.org\/{rel}","templated":true}]}}