{"id":1491,"date":"2023-05-02T19:45:27","date_gmt":"2023-05-02T22:45:27","guid":{"rendered":"https:\/\/www.autopint.com.uy\/?post_type=product&#038;p=1491"},"modified":"2025-12-31T11:26:52","modified_gmt":"2025-12-31T14:26:52","slug":"lijadora-electrica-roto-orbital-150mm-carrepairsystem","status":"publish","type":"product","link":"https:\/\/www.autopint.com.uy\/?product=lijadora-electrica-roto-orbital-150mm-carrepairsystem","title":{"rendered":"Lijadora El\u00e9ctrica Roto-orbital 150mm Carrepairsystem"},"content":{"rendered":"<p>LIJADORA ROTO ORBITAL 150MM<br \/>\nEstas Lijadoras El\u00e9ctricas Roto-Orbitales ofrecen una tecnolog\u00eda punta gracias a su motor sin escobillas. Tienen un dise\u00f1o ergon\u00f3mico y ligero con un peso aproximado de 1.3 Kg. Disponen de un di\u00e1metro 150MM con \u00f3rbita 5.0<img loading=\"lazy\" class=\"alignnone size-medium wp-image-1492\" src=\"https:\/\/www.autopint.com.uy\/wp-content\/uploads\/2023\/05\/lijadora-roto-orbital-SERO-5.0-2-300x300.png\" alt=\"\" width=\"300\" height=\"300\" srcset=\"https:\/\/www.autopint.com.uy\/wp-content\/uploads\/2023\/05\/lijadora-roto-orbital-SERO-5.0-2-300x300.png 300w, https:\/\/www.autopint.com.uy\/wp-content\/uploads\/2023\/05\/lijadora-roto-orbital-SERO-5.0-2-150x150.png 150w, https:\/\/www.autopint.com.uy\/wp-content\/uploads\/2023\/05\/lijadora-roto-orbital-SERO-5.0-2-100x100.png 100w, https:\/\/www.autopint.com.uy\/wp-content\/uploads\/2023\/05\/lijadora-roto-orbital-SERO-5.0-2-64x64.png 64w, https:\/\/www.autopint.com.uy\/wp-content\/uploads\/2023\/05\/lijadora-roto-orbital-SERO-5.0-2.png 600w\" sizes=\"(max-width: 300px) 100vw, 300px\" \/> <img loading=\"lazy\" class=\"alignnone size-medium wp-image-1493\" src=\"https:\/\/www.autopint.com.uy\/wp-content\/uploads\/2023\/05\/lijadora-roto-orbital-SERO2-1-300x300.png\" alt=\"\" width=\"300\" height=\"300\" srcset=\"https:\/\/www.autopint.com.uy\/wp-content\/uploads\/2023\/05\/lijadora-roto-orbital-SERO2-1-300x300.png 300w, https:\/\/www.autopint.com.uy\/wp-content\/uploads\/2023\/05\/lijadora-roto-orbital-SERO2-1-150x150.png 150w, https:\/\/www.autopint.com.uy\/wp-content\/uploads\/2023\/05\/lijadora-roto-orbital-SERO2-1-100x100.png 100w, https:\/\/www.autopint.com.uy\/wp-content\/uploads\/2023\/05\/lijadora-roto-orbital-SERO2-1-64x64.png 64w, https:\/\/www.autopint.com.uy\/wp-content\/uploads\/2023\/05\/lijadora-roto-orbital-SERO2-1.png 600w\" sizes=\"(max-width: 300px) 100vw, 300px\" \/> <img loading=\"lazy\" class=\"alignnone size-medium wp-image-1495\" src=\"https:\/\/www.autopint.com.uy\/wp-content\/uploads\/2023\/05\/lijadora-roto-orbital-SERO-1-300x300.png\" alt=\"\" width=\"300\" height=\"300\" srcset=\"https:\/\/www.autopint.com.uy\/wp-content\/uploads\/2023\/05\/lijadora-roto-orbital-SERO-1-300x300.png 300w, https:\/\/www.autopint.com.uy\/wp-content\/uploads\/2023\/05\/lijadora-roto-orbital-SERO-1-150x150.png 150w, https:\/\/www.autopint.com.uy\/wp-content\/uploads\/2023\/05\/lijadora-roto-orbital-SERO-1-100x100.png 100w, https:\/\/www.autopint.com.uy\/wp-content\/uploads\/2023\/05\/lijadora-roto-orbital-SERO-1-64x64.png 64w, https:\/\/www.autopint.com.uy\/wp-content\/uploads\/2023\/05\/lijadora-roto-orbital-SERO-1.png 600w\" sizes=\"(max-width: 300px) 100vw, 300px\" \/><\/p>\n","protected":false},"excerpt":{"rendered":"<p>LIJADORA ROTO ORBITAL 150MM Estas Lijadoras El\u00e9ctricas Roto-Orbitales ofrecen una tecnolog\u00eda punta gracias a su motor sin escobillas. Tienen un dise\u00f1o ergon\u00f3mico y ligero con un peso aproximado de 1.3 Kg. Disponen de un di\u00e1metro 150MM con \u00f3rbita 5.0<\/p>\n","protected":false},"featured_media":1494,"template":"","meta":{"site-sidebar-layout":"default","site-content-layout":"default","ast-global-header-display":"","ast-main-header-display":"","ast-hfb-above-header-display":"","ast-hfb-below-header-display":"","ast-hfb-mobile-header-display":"","site-post-title":"","ast-breadcrumbs-content":"","ast-featured-img":"","footer-sml-layout":"","theme-transparent-header-meta":"default","adv-header-id-meta":"","stick-header-meta":"","header-above-stick-meta":"","header-main-stick-meta":"","header-below-stick-meta":"","_joinchat":[]},"product_cat":[22],"product_tag":[],"yoast_head":"<!-- This site is optimized with the Yoast SEO plugin v19.11 - https:\/\/yoast.com\/wordpress\/plugins\/seo\/ -->\n<title>Lijadora El\u00e9ctrica Roto-orbital 150mm Carrepairsystem &bull; AUTOPINT SHOP- Car Repair System - Herramientas - Protecci\u00f3n - Pulidos - Detailing<\/title>\n<meta name=\"description\" content=\"Lijadora el\u00e9ctrica roto orbital 150mm, dispone de 6 velocidades regulables. lijado eficaz, confortable y ligero. Est\u00e1n equipadas con un motor sin escobillas\" \/>\n<meta name=\"robots\" content=\"index, follow, max-snippet:-1, max-image-preview:large, max-video-preview:-1\" \/>\n<link rel=\"canonical\" href=\"https:\/\/www.autopint.com.uy\/?product=lijadora-electrica-roto-orbital-150mm-carrepairsystem\" \/>\n<meta property=\"og:locale\" content=\"es_ES\" \/>\n<meta property=\"og:type\" content=\"article\" \/>\n<meta property=\"og:title\" content=\"Lijadora El\u00e9ctrica Roto-orbital 150mm Carrepairsystem &bull; AUTOPINT SHOP- Car Repair System - Herramientas - Protecci\u00f3n - Pulidos - Detailing\" \/>\n<meta property=\"og:description\" content=\"Lijadora el\u00e9ctrica roto orbital 150mm, dispone de 6 velocidades regulables. lijado eficaz, confortable y ligero. Est\u00e1n equipadas con un motor sin escobillas\" \/>\n<meta property=\"og:url\" content=\"https:\/\/www.autopint.com.uy\/?product=lijadora-electrica-roto-orbital-150mm-carrepairsystem\" \/>\n<meta property=\"og:site_name\" content=\"AUTOPINT SHOP- Car Repair System - Herramientas - Protecci\u00f3n - Pulidos - Detailing\" \/>\n<meta property=\"article:modified_time\" content=\"2025-12-31T14:26:52+00:00\" \/>\n<meta property=\"og:image\" content=\"https:\/\/www.autopint.com.uy\/wp-content\/uploads\/2023\/05\/lijadora-roto-orbital-SERO-5.0.png\" \/>\n\t<meta property=\"og:image:width\" content=\"600\" \/>\n\t<meta property=\"og:image:height\" content=\"600\" \/>\n\t<meta property=\"og:image:type\" content=\"image\/png\" \/>\n<meta name=\"twitter:card\" content=\"summary_large_image\" \/>\n<meta name=\"twitter:label1\" content=\"Tiempo de lectura\" \/>\n\t<meta name=\"twitter:data1\" content=\"1 minuto\" \/>\n<script type=\"application\/ld+json\" class=\"yoast-schema-graph\">{\"@context\":\"https:\/\/schema.org\",\"@graph\":[{\"@type\":\"WebPage\",\"@id\":\"https:\/\/www.autopint.com.uy\/?product=lijadora-electrica-roto-orbital-150mm-carrepairsystem\",\"url\":\"https:\/\/www.autopint.com.uy\/?product=lijadora-electrica-roto-orbital-150mm-carrepairsystem\",\"name\":\"Lijadora El\u00e9ctrica Roto-orbital 150mm Carrepairsystem &bull; AUTOPINT SHOP- Car Repair System - Herramientas - Protecci\u00f3n - Pulidos - Detailing\",\"isPartOf\":{\"@id\":\"https:\/\/www.autopint.com.uy\/#website\"},\"datePublished\":\"2023-05-02T22:45:27+00:00\",\"dateModified\":\"2025-12-31T14:26:52+00:00\",\"description\":\"Lijadora el\u00e9ctrica roto orbital 150mm, dispone de 6 velocidades regulables. lijado eficaz, confortable y ligero. Est\u00e1n equipadas con un motor sin escobillas\",\"breadcrumb\":{\"@id\":\"https:\/\/www.autopint.com.uy\/?product=lijadora-electrica-roto-orbital-150mm-carrepairsystem#breadcrumb\"},\"inLanguage\":\"es\",\"potentialAction\":[{\"@type\":\"ReadAction\",\"target\":[\"https:\/\/www.autopint.com.uy\/?product=lijadora-electrica-roto-orbital-150mm-carrepairsystem\"]}]},{\"@type\":\"BreadcrumbList\",\"@id\":\"https:\/\/www.autopint.com.uy\/?product=lijadora-electrica-roto-orbital-150mm-carrepairsystem#breadcrumb\",\"itemListElement\":[{\"@type\":\"ListItem\",\"position\":1,\"name\":\"Portada\",\"item\":\"https:\/\/www.autopint.com.uy\/\"},{\"@type\":\"ListItem\",\"position\":2,\"name\":\"Tienda\",\"item\":\"https:\/\/www.autopint.com.uy\/?page_id=51\"},{\"@type\":\"ListItem\",\"position\":3,\"name\":\"Lijadora El\u00e9ctrica Roto-orbital 150mm Carrepairsystem\"}]},{\"@type\":\"WebSite\",\"@id\":\"https:\/\/www.autopint.com.uy\/#website\",\"url\":\"https:\/\/www.autopint.com.uy\/\",\"name\":\"AUTOPINT SHOP- Car Repair System - Herramientas - Protecci\u00f3n - Pulidos - Detailing\",\"description\":\"IMPORTACION Y VENTA DE INSUMOS PARA REPINTADO AUTOMOTRIZ\",\"publisher\":{\"@id\":\"https:\/\/www.autopint.com.uy\/#organization\"},\"potentialAction\":[{\"@type\":\"SearchAction\",\"target\":{\"@type\":\"EntryPoint\",\"urlTemplate\":\"https:\/\/www.autopint.com.uy\/?s={search_term_string}\"},\"query-input\":\"required name=search_term_string\"}],\"inLanguage\":\"es\"},{\"@type\":\"Organization\",\"@id\":\"https:\/\/www.autopint.com.uy\/#organization\",\"name\":\"Autopint-Carrepairsystem\",\"url\":\"https:\/\/www.autopint.com.uy\/\",\"logo\":{\"@type\":\"ImageObject\",\"inLanguage\":\"es\",\"@id\":\"https:\/\/www.autopint.com.uy\/#\/schema\/logo\/image\/\",\"url\":\"https:\/\/www.autopint.com.uy\/wp-content\/uploads\/2020\/05\/cropped-Logo-2.png\",\"contentUrl\":\"https:\/\/www.autopint.com.uy\/wp-content\/uploads\/2020\/05\/cropped-Logo-2.png\",\"width\":600,\"height\":150,\"caption\":\"Autopint-Carrepairsystem\"},\"image\":{\"@id\":\"https:\/\/www.autopint.com.uy\/#\/schema\/logo\/image\/\"}}]}<\/script>\n<!-- \/ Yoast SEO plugin. -->","yoast_head_json":{"title":"Lijadora El\u00e9ctrica Roto-orbital 150mm Carrepairsystem &bull; AUTOPINT SHOP- Car Repair System - Herramientas - Protecci\u00f3n - Pulidos - Detailing","description":"Lijadora el\u00e9ctrica roto orbital 150mm, dispone de 6 velocidades regulables. lijado eficaz, confortable y ligero. Est\u00e1n equipadas con un motor sin escobillas","robots":{"index":"index","follow":"follow","max-snippet":"max-snippet:-1","max-image-preview":"max-image-preview:large","max-video-preview":"max-video-preview:-1"},"canonical":"https:\/\/www.autopint.com.uy\/?product=lijadora-electrica-roto-orbital-150mm-carrepairsystem","og_locale":"es_ES","og_type":"article","og_title":"Lijadora El\u00e9ctrica Roto-orbital 150mm Carrepairsystem &bull; AUTOPINT SHOP- Car Repair System - Herramientas - Protecci\u00f3n - Pulidos - Detailing","og_description":"Lijadora el\u00e9ctrica roto orbital 150mm, dispone de 6 velocidades regulables. lijado eficaz, confortable y ligero. Est\u00e1n equipadas con un motor sin escobillas","og_url":"https:\/\/www.autopint.com.uy\/?product=lijadora-electrica-roto-orbital-150mm-carrepairsystem","og_site_name":"AUTOPINT SHOP- Car Repair System - Herramientas - Protecci\u00f3n - Pulidos - Detailing","article_modified_time":"2025-12-31T14:26:52+00:00","og_image":[{"width":600,"height":600,"url":"https:\/\/www.autopint.com.uy\/wp-content\/uploads\/2023\/05\/lijadora-roto-orbital-SERO-5.0.png","type":"image\/png"}],"twitter_card":"summary_large_image","twitter_misc":{"Tiempo de lectura":"1 minuto"},"schema":{"@context":"https:\/\/schema.org","@graph":[{"@type":"WebPage","@id":"https:\/\/www.autopint.com.uy\/?product=lijadora-electrica-roto-orbital-150mm-carrepairsystem","url":"https:\/\/www.autopint.com.uy\/?product=lijadora-electrica-roto-orbital-150mm-carrepairsystem","name":"Lijadora El\u00e9ctrica Roto-orbital 150mm Carrepairsystem &bull; AUTOPINT SHOP- Car Repair System - Herramientas - Protecci\u00f3n - Pulidos - Detailing","isPartOf":{"@id":"https:\/\/www.autopint.com.uy\/#website"},"datePublished":"2023-05-02T22:45:27+00:00","dateModified":"2025-12-31T14:26:52+00:00","description":"Lijadora el\u00e9ctrica roto orbital 150mm, dispone de 6 velocidades regulables. lijado eficaz, confortable y ligero. Est\u00e1n equipadas con un motor sin escobillas","breadcrumb":{"@id":"https:\/\/www.autopint.com.uy\/?product=lijadora-electrica-roto-orbital-150mm-carrepairsystem#breadcrumb"},"inLanguage":"es","potentialAction":[{"@type":"ReadAction","target":["https:\/\/www.autopint.com.uy\/?product=lijadora-electrica-roto-orbital-150mm-carrepairsystem"]}]},{"@type":"BreadcrumbList","@id":"https:\/\/www.autopint.com.uy\/?product=lijadora-electrica-roto-orbital-150mm-carrepairsystem#breadcrumb","itemListElement":[{"@type":"ListItem","position":1,"name":"Portada","item":"https:\/\/www.autopint.com.uy\/"},{"@type":"ListItem","position":2,"name":"Tienda","item":"https:\/\/www.autopint.com.uy\/?page_id=51"},{"@type":"ListItem","position":3,"name":"Lijadora El\u00e9ctrica Roto-orbital 150mm Carrepairsystem"}]},{"@type":"WebSite","@id":"https:\/\/www.autopint.com.uy\/#website","url":"https:\/\/www.autopint.com.uy\/","name":"AUTOPINT SHOP- Car Repair System - Herramientas - Protecci\u00f3n - Pulidos - Detailing","description":"IMPORTACION Y VENTA DE INSUMOS PARA REPINTADO AUTOMOTRIZ","publisher":{"@id":"https:\/\/www.autopint.com.uy\/#organization"},"potentialAction":[{"@type":"SearchAction","target":{"@type":"EntryPoint","urlTemplate":"https:\/\/www.autopint.com.uy\/?s={search_term_string}"},"query-input":"required name=search_term_string"}],"inLanguage":"es"},{"@type":"Organization","@id":"https:\/\/www.autopint.com.uy\/#organization","name":"Autopint-Carrepairsystem","url":"https:\/\/www.autopint.com.uy\/","logo":{"@type":"ImageObject","inLanguage":"es","@id":"https:\/\/www.autopint.com.uy\/#\/schema\/logo\/image\/","url":"https:\/\/www.autopint.com.uy\/wp-content\/uploads\/2020\/05\/cropped-Logo-2.png","contentUrl":"https:\/\/www.autopint.com.uy\/wp-content\/uploads\/2020\/05\/cropped-Logo-2.png","width":600,"height":150,"caption":"Autopint-Carrepairsystem"},"image":{"@id":"https:\/\/www.autopint.com.uy\/#\/schema\/logo\/image\/"}}]}},"_links":{"self":[{"href":"https:\/\/www.autopint.com.uy\/index.php?rest_route=\/wp\/v2\/product\/1491"}],"collection":[{"href":"https:\/\/www.autopint.com.uy\/index.php?rest_route=\/wp\/v2\/product"}],"about":[{"href":"https:\/\/www.autopint.com.uy\/index.php?rest_route=\/wp\/v2\/types\/product"}],"wp:featuredmedia":[{"embeddable":true,"href":"https:\/\/www.autopint.com.uy\/index.php?rest_route=\/wp\/v2\/media\/1494"}],"wp:attachment":[{"href":"https:\/\/www.autopint.com.uy\/index.php?rest_route=%2Fwp%2Fv2%2Fmedia&parent=1491"}],"wp:term":[{"taxonomy":"product_cat","embeddable":true,"href":"https:\/\/www.autopint.com.uy\/index.php?rest_route=%2Fwp%2Fv2%2Fproduct_cat&post=1491"},{"taxonomy":"product_tag","embeddable":true,"href":"https:\/\/www.autopint.com.uy\/index.php?rest_route=%2Fwp%2Fv2%2Fproduct_tag&post=1491"}],"curies":[{"name":"wp","href":"https:\/\/api.w.org\/{rel}","templated":true}]}}