{"id":1588,"date":"2023-05-24T14:44:47","date_gmt":"2023-05-24T17:44:47","guid":{"rendered":"https:\/\/www.autopint.com.uy\/?post_type=product&#038;p=1588"},"modified":"2024-04-16T11:38:55","modified_gmt":"2024-04-16T14:38:55","slug":"taco-de-lijado-con-aspiracion-garlopa-12-5cm","status":"publish","type":"product","link":"https:\/\/www.autopint.com.uy\/?product=taco-de-lijado-con-aspiracion-garlopa-12-5cm","title":{"rendered":"Taco de Lijado con Aspiraci\u00f3n Garlopa 12.5cm"},"content":{"rendered":"<p>Garlopa larga con velcro y aspiraci\u00f3n.<\/p>\n<p>Medidas 7cm de ancho x 12,5cm de largo.<\/p>\n<p>Tambi\u00e9n contamos con lijas para la misma.<\/p>\n<p><img loading=\"lazy\" class=\"alignnone size-medium wp-image-1589\" src=\"https:\/\/www.autopint.com.uy\/wp-content\/uploads\/2023\/05\/IMG_20220809_175115-1-300x225.png\" alt=\"\" width=\"300\" height=\"225\" srcset=\"https:\/\/www.autopint.com.uy\/wp-content\/uploads\/2023\/05\/IMG_20220809_175115-1-300x225.png 300w, https:\/\/www.autopint.com.uy\/wp-content\/uploads\/2023\/05\/IMG_20220809_175115-1-1024x768.png 1024w, https:\/\/www.autopint.com.uy\/wp-content\/uploads\/2023\/05\/IMG_20220809_175115-1-768x576.png 768w, https:\/\/www.autopint.com.uy\/wp-content\/uploads\/2023\/05\/IMG_20220809_175115-1-1536x1152.png 1536w, https:\/\/www.autopint.com.uy\/wp-content\/uploads\/2023\/05\/IMG_20220809_175115-1-2048x1536.png 2048w, https:\/\/www.autopint.com.uy\/wp-content\/uploads\/2023\/05\/IMG_20220809_175115-1-600x450.png 600w, https:\/\/www.autopint.com.uy\/wp-content\/uploads\/2023\/05\/IMG_20220809_175115-1-64x48.png 64w\" sizes=\"(max-width: 300px) 100vw, 300px\" \/> <img loading=\"lazy\" class=\"alignnone size-medium wp-image-1590\" src=\"https:\/\/www.autopint.com.uy\/wp-content\/uploads\/2023\/05\/IMG_20220809_175439-1-300x225.png\" alt=\"\" width=\"300\" height=\"225\" srcset=\"https:\/\/www.autopint.com.uy\/wp-content\/uploads\/2023\/05\/IMG_20220809_175439-1-300x225.png 300w, https:\/\/www.autopint.com.uy\/wp-content\/uploads\/2023\/05\/IMG_20220809_175439-1-1024x768.png 1024w, https:\/\/www.autopint.com.uy\/wp-content\/uploads\/2023\/05\/IMG_20220809_175439-1-768x576.png 768w, https:\/\/www.autopint.com.uy\/wp-content\/uploads\/2023\/05\/IMG_20220809_175439-1-1536x1152.png 1536w, https:\/\/www.autopint.com.uy\/wp-content\/uploads\/2023\/05\/IMG_20220809_175439-1-2048x1536.png 2048w, https:\/\/www.autopint.com.uy\/wp-content\/uploads\/2023\/05\/IMG_20220809_175439-1-600x450.png 600w, https:\/\/www.autopint.com.uy\/wp-content\/uploads\/2023\/05\/IMG_20220809_175439-1-64x48.png 64w\" sizes=\"(max-width: 300px) 100vw, 300px\" \/><\/p>\n","protected":false},"excerpt":{"rendered":"<p>Garlopa larga con velcro y aspiraci\u00f3n. Medidas 7cm de ancho x 12,5cm de largo. Tambi\u00e9n contamos con lijas para la misma.<\/p>\n","protected":false},"featured_media":1591,"template":"","meta":{"site-sidebar-layout":"default","site-content-layout":"default","ast-global-header-display":"","ast-main-header-display":"","ast-hfb-above-header-display":"","ast-hfb-below-header-display":"","ast-hfb-mobile-header-display":"","site-post-title":"","ast-breadcrumbs-content":"","ast-featured-img":"","footer-sml-layout":"","theme-transparent-header-meta":"default","adv-header-id-meta":"","stick-header-meta":"","header-above-stick-meta":"","header-main-stick-meta":"","header-below-stick-meta":"","_joinchat":[]},"product_cat":[22],"product_tag":[],"yoast_head":"<!-- This site is optimized with the Yoast SEO plugin v19.11 - https:\/\/yoast.com\/wordpress\/plugins\/seo\/ -->\n<title>Taco de Lijado con Aspiraci\u00f3n Garlopa 12.5cm &bull; AUTOPINT SHOP- Car Repair System - Herramientas - Protecci\u00f3n - Pulidos - Detailing<\/title>\n<meta name=\"description\" content=\"Taco de Lijado con Aspiraci\u00f3n de 7cm x 12,5cm. velcro con agujeros para aspiraci\u00f3n. garlopa manual. Tres medidas disponibles. Autopint Shop\" \/>\n<meta name=\"robots\" content=\"index, follow, max-snippet:-1, max-image-preview:large, max-video-preview:-1\" \/>\n<link rel=\"canonical\" href=\"https:\/\/www.autopint.com.uy\/?product=taco-de-lijado-con-aspiracion-garlopa-12-5cm\" \/>\n<meta property=\"og:locale\" content=\"es_ES\" \/>\n<meta property=\"og:type\" content=\"article\" \/>\n<meta property=\"og:title\" content=\"Taco de Lijado con Aspiraci\u00f3n Garlopa 12.5cm &bull; AUTOPINT SHOP- Car Repair System - Herramientas - Protecci\u00f3n - Pulidos - Detailing\" \/>\n<meta property=\"og:description\" content=\"Taco de Lijado con Aspiraci\u00f3n de 7cm x 12,5cm. velcro con agujeros para aspiraci\u00f3n. garlopa manual. Tres medidas disponibles. Autopint Shop\" \/>\n<meta property=\"og:url\" content=\"https:\/\/www.autopint.com.uy\/?product=taco-de-lijado-con-aspiracion-garlopa-12-5cm\" \/>\n<meta property=\"og:site_name\" content=\"AUTOPINT SHOP- Car Repair System - Herramientas - Protecci\u00f3n - Pulidos - Detailing\" \/>\n<meta property=\"article:modified_time\" content=\"2024-04-16T14:38:55+00:00\" \/>\n<meta property=\"og:image\" content=\"https:\/\/www.autopint.com.uy\/wp-content\/uploads\/2023\/05\/IMG_20220809_175100-1024x768.png\" \/>\n\t<meta property=\"og:image:width\" content=\"1024\" \/>\n\t<meta property=\"og:image:height\" content=\"768\" \/>\n\t<meta property=\"og:image:type\" content=\"image\/png\" \/>\n<meta name=\"twitter:card\" content=\"summary_large_image\" \/>\n<meta name=\"twitter:label1\" content=\"Tiempo de lectura\" \/>\n\t<meta name=\"twitter:data1\" content=\"1 minuto\" \/>\n<script type=\"application\/ld+json\" class=\"yoast-schema-graph\">{\"@context\":\"https:\/\/schema.org\",\"@graph\":[{\"@type\":\"WebPage\",\"@id\":\"https:\/\/www.autopint.com.uy\/?product=taco-de-lijado-con-aspiracion-garlopa-12-5cm\",\"url\":\"https:\/\/www.autopint.com.uy\/?product=taco-de-lijado-con-aspiracion-garlopa-12-5cm\",\"name\":\"Taco de Lijado con Aspiraci\u00f3n Garlopa 12.5cm &bull; AUTOPINT SHOP- Car Repair System - Herramientas - Protecci\u00f3n - Pulidos - Detailing\",\"isPartOf\":{\"@id\":\"https:\/\/www.autopint.com.uy\/#website\"},\"datePublished\":\"2023-05-24T17:44:47+00:00\",\"dateModified\":\"2024-04-16T14:38:55+00:00\",\"description\":\"Taco de Lijado con Aspiraci\u00f3n de 7cm x 12,5cm. velcro con agujeros para aspiraci\u00f3n. garlopa manual. Tres medidas disponibles. Autopint Shop\",\"breadcrumb\":{\"@id\":\"https:\/\/www.autopint.com.uy\/?product=taco-de-lijado-con-aspiracion-garlopa-12-5cm#breadcrumb\"},\"inLanguage\":\"es\",\"potentialAction\":[{\"@type\":\"ReadAction\",\"target\":[\"https:\/\/www.autopint.com.uy\/?product=taco-de-lijado-con-aspiracion-garlopa-12-5cm\"]}]},{\"@type\":\"BreadcrumbList\",\"@id\":\"https:\/\/www.autopint.com.uy\/?product=taco-de-lijado-con-aspiracion-garlopa-12-5cm#breadcrumb\",\"itemListElement\":[{\"@type\":\"ListItem\",\"position\":1,\"name\":\"Portada\",\"item\":\"https:\/\/www.autopint.com.uy\/\"},{\"@type\":\"ListItem\",\"position\":2,\"name\":\"Tienda\",\"item\":\"https:\/\/www.autopint.com.uy\/?page_id=51\"},{\"@type\":\"ListItem\",\"position\":3,\"name\":\"Taco de Lijado con Aspiraci\u00f3n Garlopa 12.5cm\"}]},{\"@type\":\"WebSite\",\"@id\":\"https:\/\/www.autopint.com.uy\/#website\",\"url\":\"https:\/\/www.autopint.com.uy\/\",\"name\":\"AUTOPINT SHOP- Car Repair System - Herramientas - Protecci\u00f3n - Pulidos - Detailing\",\"description\":\"IMPORTACION Y VENTA DE INSUMOS PARA REPINTADO AUTOMOTRIZ\",\"publisher\":{\"@id\":\"https:\/\/www.autopint.com.uy\/#organization\"},\"potentialAction\":[{\"@type\":\"SearchAction\",\"target\":{\"@type\":\"EntryPoint\",\"urlTemplate\":\"https:\/\/www.autopint.com.uy\/?s={search_term_string}\"},\"query-input\":\"required name=search_term_string\"}],\"inLanguage\":\"es\"},{\"@type\":\"Organization\",\"@id\":\"https:\/\/www.autopint.com.uy\/#organization\",\"name\":\"Autopint-Carrepairsystem\",\"url\":\"https:\/\/www.autopint.com.uy\/\",\"logo\":{\"@type\":\"ImageObject\",\"inLanguage\":\"es\",\"@id\":\"https:\/\/www.autopint.com.uy\/#\/schema\/logo\/image\/\",\"url\":\"https:\/\/www.autopint.com.uy\/wp-content\/uploads\/2020\/05\/cropped-Logo-2.png\",\"contentUrl\":\"https:\/\/www.autopint.com.uy\/wp-content\/uploads\/2020\/05\/cropped-Logo-2.png\",\"width\":600,\"height\":150,\"caption\":\"Autopint-Carrepairsystem\"},\"image\":{\"@id\":\"https:\/\/www.autopint.com.uy\/#\/schema\/logo\/image\/\"}}]}<\/script>\n<!-- \/ Yoast SEO plugin. -->","yoast_head_json":{"title":"Taco de Lijado con Aspiraci\u00f3n Garlopa 12.5cm &bull; AUTOPINT SHOP- Car Repair System - Herramientas - Protecci\u00f3n - Pulidos - Detailing","description":"Taco de Lijado con Aspiraci\u00f3n de 7cm x 12,5cm. velcro con agujeros para aspiraci\u00f3n. garlopa manual. Tres medidas disponibles. Autopint Shop","robots":{"index":"index","follow":"follow","max-snippet":"max-snippet:-1","max-image-preview":"max-image-preview:large","max-video-preview":"max-video-preview:-1"},"canonical":"https:\/\/www.autopint.com.uy\/?product=taco-de-lijado-con-aspiracion-garlopa-12-5cm","og_locale":"es_ES","og_type":"article","og_title":"Taco de Lijado con Aspiraci\u00f3n Garlopa 12.5cm &bull; AUTOPINT SHOP- Car Repair System - Herramientas - Protecci\u00f3n - Pulidos - Detailing","og_description":"Taco de Lijado con Aspiraci\u00f3n de 7cm x 12,5cm. velcro con agujeros para aspiraci\u00f3n. garlopa manual. Tres medidas disponibles. Autopint Shop","og_url":"https:\/\/www.autopint.com.uy\/?product=taco-de-lijado-con-aspiracion-garlopa-12-5cm","og_site_name":"AUTOPINT SHOP- Car Repair System - Herramientas - Protecci\u00f3n - Pulidos - Detailing","article_modified_time":"2024-04-16T14:38:55+00:00","og_image":[{"width":1024,"height":768,"url":"https:\/\/www.autopint.com.uy\/wp-content\/uploads\/2023\/05\/IMG_20220809_175100-1024x768.png","type":"image\/png"}],"twitter_card":"summary_large_image","twitter_misc":{"Tiempo de lectura":"1 minuto"},"schema":{"@context":"https:\/\/schema.org","@graph":[{"@type":"WebPage","@id":"https:\/\/www.autopint.com.uy\/?product=taco-de-lijado-con-aspiracion-garlopa-12-5cm","url":"https:\/\/www.autopint.com.uy\/?product=taco-de-lijado-con-aspiracion-garlopa-12-5cm","name":"Taco de Lijado con Aspiraci\u00f3n Garlopa 12.5cm &bull; AUTOPINT SHOP- Car Repair System - Herramientas - Protecci\u00f3n - Pulidos - Detailing","isPartOf":{"@id":"https:\/\/www.autopint.com.uy\/#website"},"datePublished":"2023-05-24T17:44:47+00:00","dateModified":"2024-04-16T14:38:55+00:00","description":"Taco de Lijado con Aspiraci\u00f3n de 7cm x 12,5cm. velcro con agujeros para aspiraci\u00f3n. garlopa manual. Tres medidas disponibles. Autopint Shop","breadcrumb":{"@id":"https:\/\/www.autopint.com.uy\/?product=taco-de-lijado-con-aspiracion-garlopa-12-5cm#breadcrumb"},"inLanguage":"es","potentialAction":[{"@type":"ReadAction","target":["https:\/\/www.autopint.com.uy\/?product=taco-de-lijado-con-aspiracion-garlopa-12-5cm"]}]},{"@type":"BreadcrumbList","@id":"https:\/\/www.autopint.com.uy\/?product=taco-de-lijado-con-aspiracion-garlopa-12-5cm#breadcrumb","itemListElement":[{"@type":"ListItem","position":1,"name":"Portada","item":"https:\/\/www.autopint.com.uy\/"},{"@type":"ListItem","position":2,"name":"Tienda","item":"https:\/\/www.autopint.com.uy\/?page_id=51"},{"@type":"ListItem","position":3,"name":"Taco de Lijado con Aspiraci\u00f3n Garlopa 12.5cm"}]},{"@type":"WebSite","@id":"https:\/\/www.autopint.com.uy\/#website","url":"https:\/\/www.autopint.com.uy\/","name":"AUTOPINT SHOP- Car Repair System - Herramientas - Protecci\u00f3n - Pulidos - Detailing","description":"IMPORTACION Y VENTA DE INSUMOS PARA REPINTADO AUTOMOTRIZ","publisher":{"@id":"https:\/\/www.autopint.com.uy\/#organization"},"potentialAction":[{"@type":"SearchAction","target":{"@type":"EntryPoint","urlTemplate":"https:\/\/www.autopint.com.uy\/?s={search_term_string}"},"query-input":"required name=search_term_string"}],"inLanguage":"es"},{"@type":"Organization","@id":"https:\/\/www.autopint.com.uy\/#organization","name":"Autopint-Carrepairsystem","url":"https:\/\/www.autopint.com.uy\/","logo":{"@type":"ImageObject","inLanguage":"es","@id":"https:\/\/www.autopint.com.uy\/#\/schema\/logo\/image\/","url":"https:\/\/www.autopint.com.uy\/wp-content\/uploads\/2020\/05\/cropped-Logo-2.png","contentUrl":"https:\/\/www.autopint.com.uy\/wp-content\/uploads\/2020\/05\/cropped-Logo-2.png","width":600,"height":150,"caption":"Autopint-Carrepairsystem"},"image":{"@id":"https:\/\/www.autopint.com.uy\/#\/schema\/logo\/image\/"}}]}},"_links":{"self":[{"href":"https:\/\/www.autopint.com.uy\/index.php?rest_route=\/wp\/v2\/product\/1588"}],"collection":[{"href":"https:\/\/www.autopint.com.uy\/index.php?rest_route=\/wp\/v2\/product"}],"about":[{"href":"https:\/\/www.autopint.com.uy\/index.php?rest_route=\/wp\/v2\/types\/product"}],"wp:featuredmedia":[{"embeddable":true,"href":"https:\/\/www.autopint.com.uy\/index.php?rest_route=\/wp\/v2\/media\/1591"}],"wp:attachment":[{"href":"https:\/\/www.autopint.com.uy\/index.php?rest_route=%2Fwp%2Fv2%2Fmedia&parent=1588"}],"wp:term":[{"taxonomy":"product_cat","embeddable":true,"href":"https:\/\/www.autopint.com.uy\/index.php?rest_route=%2Fwp%2Fv2%2Fproduct_cat&post=1588"},{"taxonomy":"product_tag","embeddable":true,"href":"https:\/\/www.autopint.com.uy\/index.php?rest_route=%2Fwp%2Fv2%2Fproduct_tag&post=1588"}],"curies":[{"name":"wp","href":"https:\/\/api.w.org\/{rel}","templated":true}]}}