{"id":1840,"date":"2023-10-24T17:48:12","date_gmt":"2023-10-24T20:48:12","guid":{"rendered":"https:\/\/www.autopint.com.uy\/?post_type=product&#038;p=1840"},"modified":"2025-08-27T17:05:02","modified_gmt":"2025-08-27T20:05:02","slug":"disco-de-fibra-de-carbono-top-115mm","status":"publish","type":"product","link":"https:\/\/www.autopint.com.uy\/?product=disco-de-fibra-de-carbono-top-115mm","title":{"rendered":"Disco De Fibra De Carbono Top 115mm"},"content":{"rendered":"<p>DISCO DE FIBRA DE CARBONO TOP<\/p>\n<p>Disco de fibra de carbono para desbastar. Es ideal para la preparaci\u00f3n de la superficie. Est\u00e1 compuesto de Nylon con impregnaci\u00f3n de tungsteno. Permite un rendimiento alto en los trabajos de desbaste, repaso y preparaci\u00f3n de superficies. \u00d3ptimo para soldaduras, Aluminio, superficies oxidadas, eliminaci\u00f3n de pintura a chapa desnuda, fibra, etc. Se consigue un acabado fino y limpio sin dejar escalones ni irregularidades.<\/p>\n<p>Uso: Taladro o Herramienta neum\u00e1tica.<\/p>\n","protected":false},"excerpt":{"rendered":"<p>DISCO DE FIBRA DE CARBONO TOP Disco de fibra de carbono para desbastar. Es ideal para la preparaci\u00f3n de la superficie. Est\u00e1 compuesto de Nylon con impregnaci\u00f3n de tungsteno. Permite un rendimiento alto en los trabajos de desbaste, repaso y preparaci\u00f3n de superficies. \u00d3ptimo para soldaduras, Aluminio, superficies oxidadas, eliminaci\u00f3n de pintura a chapa desnuda, &hellip;<\/p>\n<p class=\"read-more\"> <a class=\"\" href=\"https:\/\/www.autopint.com.uy\/?product=disco-de-fibra-de-carbono-top-115mm\"> <span class=\"screen-reader-text\">Disco De Fibra De Carbono Top 115mm<\/span> Leer m\u00e1s &raquo;<\/a><\/p>\n","protected":false},"featured_media":1841,"template":"","meta":{"site-sidebar-layout":"default","site-content-layout":"default","ast-global-header-display":"","ast-main-header-display":"","ast-hfb-above-header-display":"","ast-hfb-below-header-display":"","ast-hfb-mobile-header-display":"","site-post-title":"","ast-breadcrumbs-content":"","ast-featured-img":"","footer-sml-layout":"","theme-transparent-header-meta":"default","adv-header-id-meta":"","stick-header-meta":"","header-above-stick-meta":"","header-main-stick-meta":"","header-below-stick-meta":"","_joinchat":{"telephone":"+59898715457"}},"product_cat":[22],"product_tag":[],"yoast_head":"<!-- This site is optimized with the Yoast SEO plugin v19.11 - https:\/\/yoast.com\/wordpress\/plugins\/seo\/ -->\n<title>Disco De Fibra De Carbono Top 115mm &bull; AUTOPINT SHOP- Car Repair System - Herramientas - Protecci\u00f3n - Pulidos - Detailing<\/title>\n<meta name=\"robots\" content=\"index, follow, max-snippet:-1, max-image-preview:large, max-video-preview:-1\" \/>\n<link rel=\"canonical\" href=\"https:\/\/www.autopint.com.uy\/?product=disco-de-fibra-de-carbono-top-115mm\" \/>\n<meta property=\"og:locale\" content=\"es_ES\" \/>\n<meta property=\"og:type\" content=\"article\" \/>\n<meta property=\"og:title\" content=\"Disco De Fibra De Carbono Top 115mm &bull; AUTOPINT SHOP- Car Repair System - Herramientas - Protecci\u00f3n - Pulidos - Detailing\" \/>\n<meta property=\"og:description\" content=\"DISCO DE FIBRA DE CARBONO TOP Disco de fibra de carbono para desbastar. Es ideal para la preparaci\u00f3n de la superficie. Est\u00e1 compuesto de Nylon con impregnaci\u00f3n de tungsteno. Permite un rendimiento alto en los trabajos de desbaste, repaso y preparaci\u00f3n de superficies. \u00d3ptimo para soldaduras, Aluminio, superficies oxidadas, eliminaci\u00f3n de pintura a chapa desnuda, &hellip; Disco De Fibra De Carbono Top 115mm Leer m\u00e1s &raquo;\" \/>\n<meta property=\"og:url\" content=\"https:\/\/www.autopint.com.uy\/?product=disco-de-fibra-de-carbono-top-115mm\" \/>\n<meta property=\"og:site_name\" content=\"AUTOPINT SHOP- Car Repair System - Herramientas - Protecci\u00f3n - Pulidos - Detailing\" \/>\n<meta property=\"article:modified_time\" content=\"2025-08-27T20:05:02+00:00\" \/>\n<meta property=\"og:image\" content=\"https:\/\/www.autopint.com.uy\/wp-content\/uploads\/2023\/10\/WhatsApp-Image-2023-10-24-at-12.17.58.jpeg\" \/>\n\t<meta property=\"og:image:width\" content=\"989\" \/>\n\t<meta property=\"og:image:height\" content=\"1093\" \/>\n\t<meta property=\"og:image:type\" content=\"image\/jpeg\" \/>\n<meta name=\"twitter:card\" content=\"summary_large_image\" \/>\n<meta name=\"twitter:label1\" content=\"Tiempo de lectura\" \/>\n\t<meta name=\"twitter:data1\" content=\"1 minuto\" \/>\n<script type=\"application\/ld+json\" class=\"yoast-schema-graph\">{\"@context\":\"https:\/\/schema.org\",\"@graph\":[{\"@type\":\"WebPage\",\"@id\":\"https:\/\/www.autopint.com.uy\/?product=disco-de-fibra-de-carbono-top-115mm\",\"url\":\"https:\/\/www.autopint.com.uy\/?product=disco-de-fibra-de-carbono-top-115mm\",\"name\":\"Disco De Fibra De Carbono Top 115mm &bull; AUTOPINT SHOP- Car Repair System - Herramientas - Protecci\u00f3n - Pulidos - Detailing\",\"isPartOf\":{\"@id\":\"https:\/\/www.autopint.com.uy\/#website\"},\"datePublished\":\"2023-10-24T20:48:12+00:00\",\"dateModified\":\"2025-08-27T20:05:02+00:00\",\"breadcrumb\":{\"@id\":\"https:\/\/www.autopint.com.uy\/?product=disco-de-fibra-de-carbono-top-115mm#breadcrumb\"},\"inLanguage\":\"es\",\"potentialAction\":[{\"@type\":\"ReadAction\",\"target\":[\"https:\/\/www.autopint.com.uy\/?product=disco-de-fibra-de-carbono-top-115mm\"]}]},{\"@type\":\"BreadcrumbList\",\"@id\":\"https:\/\/www.autopint.com.uy\/?product=disco-de-fibra-de-carbono-top-115mm#breadcrumb\",\"itemListElement\":[{\"@type\":\"ListItem\",\"position\":1,\"name\":\"Portada\",\"item\":\"https:\/\/www.autopint.com.uy\/\"},{\"@type\":\"ListItem\",\"position\":2,\"name\":\"Tienda\",\"item\":\"https:\/\/www.autopint.com.uy\/?page_id=51\"},{\"@type\":\"ListItem\",\"position\":3,\"name\":\"Disco De Fibra De Carbono Top 115mm\"}]},{\"@type\":\"WebSite\",\"@id\":\"https:\/\/www.autopint.com.uy\/#website\",\"url\":\"https:\/\/www.autopint.com.uy\/\",\"name\":\"AUTOPINT SHOP- Car Repair System - Herramientas - Protecci\u00f3n - Pulidos - Detailing\",\"description\":\"IMPORTACION Y VENTA DE INSUMOS PARA REPINTADO AUTOMOTRIZ\",\"publisher\":{\"@id\":\"https:\/\/www.autopint.com.uy\/#organization\"},\"potentialAction\":[{\"@type\":\"SearchAction\",\"target\":{\"@type\":\"EntryPoint\",\"urlTemplate\":\"https:\/\/www.autopint.com.uy\/?s={search_term_string}\"},\"query-input\":\"required name=search_term_string\"}],\"inLanguage\":\"es\"},{\"@type\":\"Organization\",\"@id\":\"https:\/\/www.autopint.com.uy\/#organization\",\"name\":\"Autopint-Carrepairsystem\",\"url\":\"https:\/\/www.autopint.com.uy\/\",\"logo\":{\"@type\":\"ImageObject\",\"inLanguage\":\"es\",\"@id\":\"https:\/\/www.autopint.com.uy\/#\/schema\/logo\/image\/\",\"url\":\"https:\/\/www.autopint.com.uy\/wp-content\/uploads\/2020\/05\/cropped-Logo-2.png\",\"contentUrl\":\"https:\/\/www.autopint.com.uy\/wp-content\/uploads\/2020\/05\/cropped-Logo-2.png\",\"width\":600,\"height\":150,\"caption\":\"Autopint-Carrepairsystem\"},\"image\":{\"@id\":\"https:\/\/www.autopint.com.uy\/#\/schema\/logo\/image\/\"}}]}<\/script>\n<!-- \/ Yoast SEO plugin. -->","yoast_head_json":{"title":"Disco De Fibra De Carbono Top 115mm &bull; AUTOPINT SHOP- Car Repair System - Herramientas - Protecci\u00f3n - Pulidos - Detailing","robots":{"index":"index","follow":"follow","max-snippet":"max-snippet:-1","max-image-preview":"max-image-preview:large","max-video-preview":"max-video-preview:-1"},"canonical":"https:\/\/www.autopint.com.uy\/?product=disco-de-fibra-de-carbono-top-115mm","og_locale":"es_ES","og_type":"article","og_title":"Disco De Fibra De Carbono Top 115mm &bull; AUTOPINT SHOP- Car Repair System - Herramientas - Protecci\u00f3n - Pulidos - Detailing","og_description":"DISCO DE FIBRA DE CARBONO TOP Disco de fibra de carbono para desbastar. Es ideal para la preparaci\u00f3n de la superficie. Est\u00e1 compuesto de Nylon con impregnaci\u00f3n de tungsteno. Permite un rendimiento alto en los trabajos de desbaste, repaso y preparaci\u00f3n de superficies. \u00d3ptimo para soldaduras, Aluminio, superficies oxidadas, eliminaci\u00f3n de pintura a chapa desnuda, &hellip; Disco De Fibra De Carbono Top 115mm Leer m\u00e1s &raquo;","og_url":"https:\/\/www.autopint.com.uy\/?product=disco-de-fibra-de-carbono-top-115mm","og_site_name":"AUTOPINT SHOP- Car Repair System - Herramientas - Protecci\u00f3n - Pulidos - Detailing","article_modified_time":"2025-08-27T20:05:02+00:00","og_image":[{"width":989,"height":1093,"url":"https:\/\/www.autopint.com.uy\/wp-content\/uploads\/2023\/10\/WhatsApp-Image-2023-10-24-at-12.17.58.jpeg","type":"image\/jpeg"}],"twitter_card":"summary_large_image","twitter_misc":{"Tiempo de lectura":"1 minuto"},"schema":{"@context":"https:\/\/schema.org","@graph":[{"@type":"WebPage","@id":"https:\/\/www.autopint.com.uy\/?product=disco-de-fibra-de-carbono-top-115mm","url":"https:\/\/www.autopint.com.uy\/?product=disco-de-fibra-de-carbono-top-115mm","name":"Disco De Fibra De Carbono Top 115mm &bull; AUTOPINT SHOP- Car Repair System - Herramientas - Protecci\u00f3n - Pulidos - Detailing","isPartOf":{"@id":"https:\/\/www.autopint.com.uy\/#website"},"datePublished":"2023-10-24T20:48:12+00:00","dateModified":"2025-08-27T20:05:02+00:00","breadcrumb":{"@id":"https:\/\/www.autopint.com.uy\/?product=disco-de-fibra-de-carbono-top-115mm#breadcrumb"},"inLanguage":"es","potentialAction":[{"@type":"ReadAction","target":["https:\/\/www.autopint.com.uy\/?product=disco-de-fibra-de-carbono-top-115mm"]}]},{"@type":"BreadcrumbList","@id":"https:\/\/www.autopint.com.uy\/?product=disco-de-fibra-de-carbono-top-115mm#breadcrumb","itemListElement":[{"@type":"ListItem","position":1,"name":"Portada","item":"https:\/\/www.autopint.com.uy\/"},{"@type":"ListItem","position":2,"name":"Tienda","item":"https:\/\/www.autopint.com.uy\/?page_id=51"},{"@type":"ListItem","position":3,"name":"Disco De Fibra De Carbono Top 115mm"}]},{"@type":"WebSite","@id":"https:\/\/www.autopint.com.uy\/#website","url":"https:\/\/www.autopint.com.uy\/","name":"AUTOPINT SHOP- Car Repair System - Herramientas - Protecci\u00f3n - Pulidos - Detailing","description":"IMPORTACION Y VENTA DE INSUMOS PARA REPINTADO AUTOMOTRIZ","publisher":{"@id":"https:\/\/www.autopint.com.uy\/#organization"},"potentialAction":[{"@type":"SearchAction","target":{"@type":"EntryPoint","urlTemplate":"https:\/\/www.autopint.com.uy\/?s={search_term_string}"},"query-input":"required name=search_term_string"}],"inLanguage":"es"},{"@type":"Organization","@id":"https:\/\/www.autopint.com.uy\/#organization","name":"Autopint-Carrepairsystem","url":"https:\/\/www.autopint.com.uy\/","logo":{"@type":"ImageObject","inLanguage":"es","@id":"https:\/\/www.autopint.com.uy\/#\/schema\/logo\/image\/","url":"https:\/\/www.autopint.com.uy\/wp-content\/uploads\/2020\/05\/cropped-Logo-2.png","contentUrl":"https:\/\/www.autopint.com.uy\/wp-content\/uploads\/2020\/05\/cropped-Logo-2.png","width":600,"height":150,"caption":"Autopint-Carrepairsystem"},"image":{"@id":"https:\/\/www.autopint.com.uy\/#\/schema\/logo\/image\/"}}]}},"_links":{"self":[{"href":"https:\/\/www.autopint.com.uy\/index.php?rest_route=\/wp\/v2\/product\/1840"}],"collection":[{"href":"https:\/\/www.autopint.com.uy\/index.php?rest_route=\/wp\/v2\/product"}],"about":[{"href":"https:\/\/www.autopint.com.uy\/index.php?rest_route=\/wp\/v2\/types\/product"}],"wp:featuredmedia":[{"embeddable":true,"href":"https:\/\/www.autopint.com.uy\/index.php?rest_route=\/wp\/v2\/media\/1841"}],"wp:attachment":[{"href":"https:\/\/www.autopint.com.uy\/index.php?rest_route=%2Fwp%2Fv2%2Fmedia&parent=1840"}],"wp:term":[{"taxonomy":"product_cat","embeddable":true,"href":"https:\/\/www.autopint.com.uy\/index.php?rest_route=%2Fwp%2Fv2%2Fproduct_cat&post=1840"},{"taxonomy":"product_tag","embeddable":true,"href":"https:\/\/www.autopint.com.uy\/index.php?rest_route=%2Fwp%2Fv2%2Fproduct_tag&post=1840"}],"curies":[{"name":"wp","href":"https:\/\/api.w.org\/{rel}","templated":true}]}}