{"id":2131,"date":"2025-09-23T15:03:32","date_gmt":"2025-09-23T18:03:32","guid":{"rendered":"https:\/\/www.autopint.com.uy\/?post_type=product&#038;p=2131"},"modified":"2026-03-05T16:37:00","modified_gmt":"2026-03-05T19:37:00","slug":"sacabollos-electrico-220v","status":"publish","type":"product","link":"https:\/\/www.autopint.com.uy\/?product=sacabollos-electrico-220v","title":{"rendered":"Sacabollos Electrico 220v"},"content":{"rendered":"<p><img loading=\"lazy\" class=\"alignnone size-medium wp-image-2132\" src=\"https:\/\/www.autopint.com.uy\/wp-content\/uploads\/2025\/09\/WhatsApp-Image-2025-09-23-at-11.24.58-1-225x300.jpeg\" alt=\"\" width=\"225\" height=\"300\" srcset=\"https:\/\/www.autopint.com.uy\/wp-content\/uploads\/2025\/09\/WhatsApp-Image-2025-09-23-at-11.24.58-1-225x300.jpeg 225w, https:\/\/www.autopint.com.uy\/wp-content\/uploads\/2025\/09\/WhatsApp-Image-2025-09-23-at-11.24.58-1-768x1024.jpeg 768w, https:\/\/www.autopint.com.uy\/wp-content\/uploads\/2025\/09\/WhatsApp-Image-2025-09-23-at-11.24.58-1-1152x1536.jpeg 1152w, https:\/\/www.autopint.com.uy\/wp-content\/uploads\/2025\/09\/WhatsApp-Image-2025-09-23-at-11.24.58-1-600x800.jpeg 600w, https:\/\/www.autopint.com.uy\/wp-content\/uploads\/2025\/09\/WhatsApp-Image-2025-09-23-at-11.24.58-1-64x85.jpeg 64w, https:\/\/www.autopint.com.uy\/wp-content\/uploads\/2025\/09\/WhatsApp-Image-2025-09-23-at-11.24.58-1.jpeg 1536w\" sizes=\"(max-width: 225px) 100vw, 225px\" \/> <img loading=\"lazy\" class=\"alignnone size-medium wp-image-2133\" src=\"https:\/\/www.autopint.com.uy\/wp-content\/uploads\/2025\/09\/WhatsApp-Image-2025-09-23-at-11.24.58-225x300.jpeg\" alt=\"\" width=\"225\" height=\"300\" srcset=\"https:\/\/www.autopint.com.uy\/wp-content\/uploads\/2025\/09\/WhatsApp-Image-2025-09-23-at-11.24.58-225x300.jpeg 225w, https:\/\/www.autopint.com.uy\/wp-content\/uploads\/2025\/09\/WhatsApp-Image-2025-09-23-at-11.24.58-768x1024.jpeg 768w, https:\/\/www.autopint.com.uy\/wp-content\/uploads\/2025\/09\/WhatsApp-Image-2025-09-23-at-11.24.58-1152x1536.jpeg 1152w, https:\/\/www.autopint.com.uy\/wp-content\/uploads\/2025\/09\/WhatsApp-Image-2025-09-23-at-11.24.58-600x800.jpeg 600w, https:\/\/www.autopint.com.uy\/wp-content\/uploads\/2025\/09\/WhatsApp-Image-2025-09-23-at-11.24.58-64x85.jpeg 64w, https:\/\/www.autopint.com.uy\/wp-content\/uploads\/2025\/09\/WhatsApp-Image-2025-09-23-at-11.24.58.jpeg 1536w\" sizes=\"(max-width: 225px) 100vw, 225px\" \/><\/p>\n<p>Maquina Sacabollos el\u00e9ctrica 220v completa con accesorios y carro<br \/>\nGarant\u00eda un a\u00f1o<br \/>\nDemostraci\u00f3n y t\u00e9cnicas de uso sin cargo.<br \/>\nMas de 500 equipos vendidos nos avalan<\/p>\n","protected":false},"excerpt":{"rendered":"<p>Maquina Sacabollos el\u00e9ctrica 220v completa con accesorios y carro Garant\u00eda un a\u00f1o Demostraci\u00f3n y t\u00e9cnicas de uso sin cargo. Mas de 500 equipos vendidos nos avalan<\/p>\n","protected":false},"featured_media":2133,"template":"","meta":{"site-sidebar-layout":"default","site-content-layout":"default","ast-global-header-display":"","ast-main-header-display":"","ast-hfb-above-header-display":"","ast-hfb-below-header-display":"","ast-hfb-mobile-header-display":"","site-post-title":"","ast-breadcrumbs-content":"","ast-featured-img":"","footer-sml-layout":"","theme-transparent-header-meta":"default","adv-header-id-meta":"","stick-header-meta":"","header-above-stick-meta":"","header-main-stick-meta":"","header-below-stick-meta":"","_joinchat":[]},"product_cat":[15],"product_tag":[],"yoast_head":"<!-- This site is optimized with the Yoast SEO plugin v19.11 - https:\/\/yoast.com\/wordpress\/plugins\/seo\/ -->\n<title>Sacabollos Electrico 220v &bull; AUTOPINT SHOP- Car Repair System - Herramientas - Protecci\u00f3n - Pulidos - Detailing<\/title>\n<meta name=\"robots\" content=\"index, follow, max-snippet:-1, max-image-preview:large, max-video-preview:-1\" \/>\n<link rel=\"canonical\" href=\"https:\/\/www.autopint.com.uy\/?product=sacabollos-electrico-220v\" \/>\n<meta property=\"og:locale\" content=\"es_ES\" \/>\n<meta property=\"og:type\" content=\"article\" \/>\n<meta property=\"og:title\" content=\"Sacabollos Electrico 220v &bull; AUTOPINT SHOP- Car Repair System - Herramientas - Protecci\u00f3n - Pulidos - Detailing\" \/>\n<meta property=\"og:description\" content=\"Maquina Sacabollos el\u00e9ctrica 220v completa con accesorios y carro Garant\u00eda un a\u00f1o Demostraci\u00f3n y t\u00e9cnicas de uso sin cargo. Mas de 500 equipos vendidos nos avalan\" \/>\n<meta property=\"og:url\" content=\"https:\/\/www.autopint.com.uy\/?product=sacabollos-electrico-220v\" \/>\n<meta property=\"og:site_name\" content=\"AUTOPINT SHOP- Car Repair System - Herramientas - Protecci\u00f3n - Pulidos - Detailing\" \/>\n<meta property=\"article:modified_time\" content=\"2026-03-05T19:37:00+00:00\" \/>\n<meta property=\"og:image\" content=\"https:\/\/www.autopint.com.uy\/wp-content\/uploads\/2025\/09\/WhatsApp-Image-2025-09-23-at-11.24.58.jpeg\" \/>\n\t<meta property=\"og:image:width\" content=\"1536\" \/>\n\t<meta property=\"og:image:height\" content=\"2048\" \/>\n\t<meta property=\"og:image:type\" content=\"image\/jpeg\" \/>\n<meta name=\"twitter:card\" content=\"summary_large_image\" \/>\n<meta name=\"twitter:label1\" content=\"Tiempo de lectura\" \/>\n\t<meta name=\"twitter:data1\" content=\"1 minuto\" \/>\n<script type=\"application\/ld+json\" class=\"yoast-schema-graph\">{\"@context\":\"https:\/\/schema.org\",\"@graph\":[{\"@type\":\"WebPage\",\"@id\":\"https:\/\/www.autopint.com.uy\/?product=sacabollos-electrico-220v\",\"url\":\"https:\/\/www.autopint.com.uy\/?product=sacabollos-electrico-220v\",\"name\":\"Sacabollos Electrico 220v &bull; AUTOPINT SHOP- Car Repair System - Herramientas - Protecci\u00f3n - Pulidos - Detailing\",\"isPartOf\":{\"@id\":\"https:\/\/www.autopint.com.uy\/#website\"},\"datePublished\":\"2025-09-23T18:03:32+00:00\",\"dateModified\":\"2026-03-05T19:37:00+00:00\",\"breadcrumb\":{\"@id\":\"https:\/\/www.autopint.com.uy\/?product=sacabollos-electrico-220v#breadcrumb\"},\"inLanguage\":\"es\",\"potentialAction\":[{\"@type\":\"ReadAction\",\"target\":[\"https:\/\/www.autopint.com.uy\/?product=sacabollos-electrico-220v\"]}]},{\"@type\":\"BreadcrumbList\",\"@id\":\"https:\/\/www.autopint.com.uy\/?product=sacabollos-electrico-220v#breadcrumb\",\"itemListElement\":[{\"@type\":\"ListItem\",\"position\":1,\"name\":\"Portada\",\"item\":\"https:\/\/www.autopint.com.uy\/\"},{\"@type\":\"ListItem\",\"position\":2,\"name\":\"Tienda\",\"item\":\"https:\/\/www.autopint.com.uy\/?page_id=51\"},{\"@type\":\"ListItem\",\"position\":3,\"name\":\"Sacabollos Electrico 220v\"}]},{\"@type\":\"WebSite\",\"@id\":\"https:\/\/www.autopint.com.uy\/#website\",\"url\":\"https:\/\/www.autopint.com.uy\/\",\"name\":\"AUTOPINT SHOP- Car Repair System - Herramientas - Protecci\u00f3n - Pulidos - Detailing\",\"description\":\"IMPORTACION Y VENTA DE INSUMOS PARA REPINTADO AUTOMOTRIZ\",\"publisher\":{\"@id\":\"https:\/\/www.autopint.com.uy\/#organization\"},\"potentialAction\":[{\"@type\":\"SearchAction\",\"target\":{\"@type\":\"EntryPoint\",\"urlTemplate\":\"https:\/\/www.autopint.com.uy\/?s={search_term_string}\"},\"query-input\":\"required name=search_term_string\"}],\"inLanguage\":\"es\"},{\"@type\":\"Organization\",\"@id\":\"https:\/\/www.autopint.com.uy\/#organization\",\"name\":\"Autopint-Carrepairsystem\",\"url\":\"https:\/\/www.autopint.com.uy\/\",\"logo\":{\"@type\":\"ImageObject\",\"inLanguage\":\"es\",\"@id\":\"https:\/\/www.autopint.com.uy\/#\/schema\/logo\/image\/\",\"url\":\"https:\/\/www.autopint.com.uy\/wp-content\/uploads\/2020\/05\/cropped-Logo-2.png\",\"contentUrl\":\"https:\/\/www.autopint.com.uy\/wp-content\/uploads\/2020\/05\/cropped-Logo-2.png\",\"width\":600,\"height\":150,\"caption\":\"Autopint-Carrepairsystem\"},\"image\":{\"@id\":\"https:\/\/www.autopint.com.uy\/#\/schema\/logo\/image\/\"}}]}<\/script>\n<!-- \/ Yoast SEO plugin. -->","yoast_head_json":{"title":"Sacabollos Electrico 220v &bull; AUTOPINT SHOP- Car Repair System - Herramientas - Protecci\u00f3n - Pulidos - Detailing","robots":{"index":"index","follow":"follow","max-snippet":"max-snippet:-1","max-image-preview":"max-image-preview:large","max-video-preview":"max-video-preview:-1"},"canonical":"https:\/\/www.autopint.com.uy\/?product=sacabollos-electrico-220v","og_locale":"es_ES","og_type":"article","og_title":"Sacabollos Electrico 220v &bull; AUTOPINT SHOP- Car Repair System - Herramientas - Protecci\u00f3n - Pulidos - Detailing","og_description":"Maquina Sacabollos el\u00e9ctrica 220v completa con accesorios y carro Garant\u00eda un a\u00f1o Demostraci\u00f3n y t\u00e9cnicas de uso sin cargo. Mas de 500 equipos vendidos nos avalan","og_url":"https:\/\/www.autopint.com.uy\/?product=sacabollos-electrico-220v","og_site_name":"AUTOPINT SHOP- Car Repair System - Herramientas - Protecci\u00f3n - Pulidos - Detailing","article_modified_time":"2026-03-05T19:37:00+00:00","og_image":[{"width":1536,"height":2048,"url":"https:\/\/www.autopint.com.uy\/wp-content\/uploads\/2025\/09\/WhatsApp-Image-2025-09-23-at-11.24.58.jpeg","type":"image\/jpeg"}],"twitter_card":"summary_large_image","twitter_misc":{"Tiempo de lectura":"1 minuto"},"schema":{"@context":"https:\/\/schema.org","@graph":[{"@type":"WebPage","@id":"https:\/\/www.autopint.com.uy\/?product=sacabollos-electrico-220v","url":"https:\/\/www.autopint.com.uy\/?product=sacabollos-electrico-220v","name":"Sacabollos Electrico 220v &bull; AUTOPINT SHOP- Car Repair System - Herramientas - Protecci\u00f3n - Pulidos - Detailing","isPartOf":{"@id":"https:\/\/www.autopint.com.uy\/#website"},"datePublished":"2025-09-23T18:03:32+00:00","dateModified":"2026-03-05T19:37:00+00:00","breadcrumb":{"@id":"https:\/\/www.autopint.com.uy\/?product=sacabollos-electrico-220v#breadcrumb"},"inLanguage":"es","potentialAction":[{"@type":"ReadAction","target":["https:\/\/www.autopint.com.uy\/?product=sacabollos-electrico-220v"]}]},{"@type":"BreadcrumbList","@id":"https:\/\/www.autopint.com.uy\/?product=sacabollos-electrico-220v#breadcrumb","itemListElement":[{"@type":"ListItem","position":1,"name":"Portada","item":"https:\/\/www.autopint.com.uy\/"},{"@type":"ListItem","position":2,"name":"Tienda","item":"https:\/\/www.autopint.com.uy\/?page_id=51"},{"@type":"ListItem","position":3,"name":"Sacabollos Electrico 220v"}]},{"@type":"WebSite","@id":"https:\/\/www.autopint.com.uy\/#website","url":"https:\/\/www.autopint.com.uy\/","name":"AUTOPINT SHOP- Car Repair System - Herramientas - Protecci\u00f3n - Pulidos - Detailing","description":"IMPORTACION Y VENTA DE INSUMOS PARA REPINTADO AUTOMOTRIZ","publisher":{"@id":"https:\/\/www.autopint.com.uy\/#organization"},"potentialAction":[{"@type":"SearchAction","target":{"@type":"EntryPoint","urlTemplate":"https:\/\/www.autopint.com.uy\/?s={search_term_string}"},"query-input":"required name=search_term_string"}],"inLanguage":"es"},{"@type":"Organization","@id":"https:\/\/www.autopint.com.uy\/#organization","name":"Autopint-Carrepairsystem","url":"https:\/\/www.autopint.com.uy\/","logo":{"@type":"ImageObject","inLanguage":"es","@id":"https:\/\/www.autopint.com.uy\/#\/schema\/logo\/image\/","url":"https:\/\/www.autopint.com.uy\/wp-content\/uploads\/2020\/05\/cropped-Logo-2.png","contentUrl":"https:\/\/www.autopint.com.uy\/wp-content\/uploads\/2020\/05\/cropped-Logo-2.png","width":600,"height":150,"caption":"Autopint-Carrepairsystem"},"image":{"@id":"https:\/\/www.autopint.com.uy\/#\/schema\/logo\/image\/"}}]}},"_links":{"self":[{"href":"https:\/\/www.autopint.com.uy\/index.php?rest_route=\/wp\/v2\/product\/2131"}],"collection":[{"href":"https:\/\/www.autopint.com.uy\/index.php?rest_route=\/wp\/v2\/product"}],"about":[{"href":"https:\/\/www.autopint.com.uy\/index.php?rest_route=\/wp\/v2\/types\/product"}],"wp:featuredmedia":[{"embeddable":true,"href":"https:\/\/www.autopint.com.uy\/index.php?rest_route=\/wp\/v2\/media\/2133"}],"wp:attachment":[{"href":"https:\/\/www.autopint.com.uy\/index.php?rest_route=%2Fwp%2Fv2%2Fmedia&parent=2131"}],"wp:term":[{"taxonomy":"product_cat","embeddable":true,"href":"https:\/\/www.autopint.com.uy\/index.php?rest_route=%2Fwp%2Fv2%2Fproduct_cat&post=2131"},{"taxonomy":"product_tag","embeddable":true,"href":"https:\/\/www.autopint.com.uy\/index.php?rest_route=%2Fwp%2Fv2%2Fproduct_tag&post=2131"}],"curies":[{"name":"wp","href":"https:\/\/api.w.org\/{rel}","templated":true}]}}