{"id":630,"date":"2020-06-10T17:18:43","date_gmt":"2020-06-10T20:18:43","guid":{"rendered":"https:\/\/www.autopint.com.uy\/index.php\/producto\/quick-adhesion-promoter-400-ml\/"},"modified":"2024-09-05T12:27:28","modified_gmt":"2024-09-05T15:27:28","slug":"quick-adhesion-promoter-400-ml","status":"publish","type":"product","link":"https:\/\/www.autopint.com.uy\/?product=quick-adhesion-promoter-400-ml","title":{"rendered":"Promotor De Adherencia Para Pl\u00e1sticos Spray  400 ML"},"content":{"rendered":"<h2 class=\"product_title entry-title show-product-nav\">QUICK PLASTIC PRIMER<\/h2>\n<div class=\"product-nav\">\n<div class=\"product-prev\"><\/div>\n<div class=\"product-next\"><\/div>\n<\/div>\n<div class=\"description woocommerce-product-details__short-description\">\n<p>Imprimaci\u00f3n de adherencia basada en una soluci\u00f3n especial de aditivos que proporciona una adherencia mejorada sobre pl\u00e1sticos.<\/p>\n<p>Adecuado como promotor de adherencia en sistemas de pintura por pulverizaci\u00f3n. Su poder como promotor de adherencia sobre diversas superficies lo hace ideal en el pintado de pl\u00e1sticos.<\/p>\n<ul>\n<li>\n<h5>Secado muy r\u00e1pido, de 10 minutos<\/h5>\n<\/li>\n<li>\n<h5>Facilidad de aplicaci\u00f3n y repintado<\/h5>\n<\/li>\n<li>\n<h5>Excelente adherencia sobre polipropileno.<\/h5>\n<\/li>\n<\/ul>\n<\/div>\n","protected":false},"excerpt":{"rendered":"<p>QUICK PLASTIC PRIMER Imprimaci\u00f3n de adherencia basada en una soluci\u00f3n especial de aditivos que proporciona una adherencia mejorada sobre pl\u00e1sticos. Adecuado como promotor de adherencia en sistemas de pintura por pulverizaci\u00f3n. Su poder como promotor de adherencia sobre diversas superficies lo hace ideal en el pintado de pl\u00e1sticos. Secado muy r\u00e1pido, de 10 minutos Facilidad &hellip;<\/p>\n<p class=\"read-more\"> <a class=\"\" href=\"https:\/\/www.autopint.com.uy\/?product=quick-adhesion-promoter-400-ml\"> <span class=\"screen-reader-text\">Promotor De Adherencia Para Pl\u00e1sticos Spray  400 ML<\/span> Leer m\u00e1s &raquo;<\/a><\/p>\n","protected":false},"featured_media":1703,"template":"","meta":{"site-sidebar-layout":"default","site-content-layout":"default","ast-global-header-display":"","ast-main-header-display":"","ast-hfb-above-header-display":"","ast-hfb-below-header-display":"","ast-hfb-mobile-header-display":"","site-post-title":"","ast-breadcrumbs-content":"","ast-featured-img":"","footer-sml-layout":"","theme-transparent-header-meta":"default","adv-header-id-meta":"","stick-header-meta":"","header-above-stick-meta":"","header-main-stick-meta":"","header-below-stick-meta":"","_joinchat":{"telephone":"+59898715457"}},"product_cat":[20,24],"product_tag":[],"yoast_head":"<!-- This site is optimized with the Yoast SEO plugin v19.11 - https:\/\/yoast.com\/wordpress\/plugins\/seo\/ -->\n<title>Promotor De Adherencia Para Pl\u00e1sticos Spray 400 ML &bull; AUTOPINT SHOP- Car Repair System - Herramientas - Protecci\u00f3n - Pulidos - Detailing<\/title>\n<meta name=\"robots\" content=\"index, follow, max-snippet:-1, max-image-preview:large, max-video-preview:-1\" \/>\n<link rel=\"canonical\" href=\"https:\/\/www.autopint.com.uy\/?product=quick-adhesion-promoter-400-ml\" \/>\n<meta property=\"og:locale\" content=\"es_ES\" \/>\n<meta property=\"og:type\" content=\"article\" \/>\n<meta property=\"og:title\" content=\"Promotor De Adherencia Para Pl\u00e1sticos Spray 400 ML &bull; AUTOPINT SHOP- Car Repair System - Herramientas - Protecci\u00f3n - Pulidos - Detailing\" \/>\n<meta property=\"og:description\" content=\"QUICK PLASTIC PRIMER Imprimaci\u00f3n de adherencia basada en una soluci\u00f3n especial de aditivos que proporciona una adherencia mejorada sobre pl\u00e1sticos. Adecuado como promotor de adherencia en sistemas de pintura por pulverizaci\u00f3n. Su poder como promotor de adherencia sobre diversas superficies lo hace ideal en el pintado de pl\u00e1sticos. Secado muy r\u00e1pido, de 10 minutos Facilidad &hellip; Promotor De Adherencia Para Pl\u00e1sticos Spray 400 ML Leer m\u00e1s &raquo;\" \/>\n<meta property=\"og:url\" content=\"https:\/\/www.autopint.com.uy\/?product=quick-adhesion-promoter-400-ml\" \/>\n<meta property=\"og:site_name\" content=\"AUTOPINT SHOP- Car Repair System - Herramientas - Protecci\u00f3n - Pulidos - Detailing\" \/>\n<meta property=\"article:modified_time\" content=\"2024-09-05T15:27:28+00:00\" \/>\n<meta property=\"og:image\" content=\"https:\/\/www.autopint.com.uy\/wp-content\/uploads\/2020\/06\/5006-001091-QUICK-ADHESION-PROMOTER-400-ML-600x600-1.jpg\" \/>\n\t<meta property=\"og:image:width\" content=\"600\" \/>\n\t<meta property=\"og:image:height\" content=\"600\" \/>\n\t<meta property=\"og:image:type\" content=\"image\/jpeg\" \/>\n<meta name=\"twitter:card\" content=\"summary_large_image\" \/>\n<meta name=\"twitter:label1\" content=\"Tiempo de lectura\" \/>\n\t<meta name=\"twitter:data1\" content=\"1 minuto\" \/>\n<script type=\"application\/ld+json\" class=\"yoast-schema-graph\">{\"@context\":\"https:\/\/schema.org\",\"@graph\":[{\"@type\":\"WebPage\",\"@id\":\"https:\/\/www.autopint.com.uy\/?product=quick-adhesion-promoter-400-ml\",\"url\":\"https:\/\/www.autopint.com.uy\/?product=quick-adhesion-promoter-400-ml\",\"name\":\"Promotor De Adherencia Para Pl\u00e1sticos Spray 400 ML &bull; AUTOPINT SHOP- Car Repair System - Herramientas - Protecci\u00f3n - Pulidos - Detailing\",\"isPartOf\":{\"@id\":\"https:\/\/www.autopint.com.uy\/#website\"},\"datePublished\":\"2020-06-10T20:18:43+00:00\",\"dateModified\":\"2024-09-05T15:27:28+00:00\",\"breadcrumb\":{\"@id\":\"https:\/\/www.autopint.com.uy\/?product=quick-adhesion-promoter-400-ml#breadcrumb\"},\"inLanguage\":\"es\",\"potentialAction\":[{\"@type\":\"ReadAction\",\"target\":[\"https:\/\/www.autopint.com.uy\/?product=quick-adhesion-promoter-400-ml\"]}]},{\"@type\":\"BreadcrumbList\",\"@id\":\"https:\/\/www.autopint.com.uy\/?product=quick-adhesion-promoter-400-ml#breadcrumb\",\"itemListElement\":[{\"@type\":\"ListItem\",\"position\":1,\"name\":\"Portada\",\"item\":\"https:\/\/www.autopint.com.uy\/\"},{\"@type\":\"ListItem\",\"position\":2,\"name\":\"Tienda\",\"item\":\"https:\/\/www.autopint.com.uy\/?page_id=51\"},{\"@type\":\"ListItem\",\"position\":3,\"name\":\"Promotor De Adherencia Para Pl\u00e1sticos Spray 400 ML\"}]},{\"@type\":\"WebSite\",\"@id\":\"https:\/\/www.autopint.com.uy\/#website\",\"url\":\"https:\/\/www.autopint.com.uy\/\",\"name\":\"AUTOPINT SHOP- Car Repair System - Herramientas - Protecci\u00f3n - Pulidos - Detailing\",\"description\":\"IMPORTACION Y VENTA DE INSUMOS PARA REPINTADO AUTOMOTRIZ\",\"publisher\":{\"@id\":\"https:\/\/www.autopint.com.uy\/#organization\"},\"potentialAction\":[{\"@type\":\"SearchAction\",\"target\":{\"@type\":\"EntryPoint\",\"urlTemplate\":\"https:\/\/www.autopint.com.uy\/?s={search_term_string}\"},\"query-input\":\"required name=search_term_string\"}],\"inLanguage\":\"es\"},{\"@type\":\"Organization\",\"@id\":\"https:\/\/www.autopint.com.uy\/#organization\",\"name\":\"Autopint-Carrepairsystem\",\"url\":\"https:\/\/www.autopint.com.uy\/\",\"logo\":{\"@type\":\"ImageObject\",\"inLanguage\":\"es\",\"@id\":\"https:\/\/www.autopint.com.uy\/#\/schema\/logo\/image\/\",\"url\":\"https:\/\/www.autopint.com.uy\/wp-content\/uploads\/2020\/05\/cropped-Logo-2.png\",\"contentUrl\":\"https:\/\/www.autopint.com.uy\/wp-content\/uploads\/2020\/05\/cropped-Logo-2.png\",\"width\":600,\"height\":150,\"caption\":\"Autopint-Carrepairsystem\"},\"image\":{\"@id\":\"https:\/\/www.autopint.com.uy\/#\/schema\/logo\/image\/\"}}]}<\/script>\n<!-- \/ Yoast SEO plugin. -->","yoast_head_json":{"title":"Promotor De Adherencia Para Pl\u00e1sticos Spray 400 ML &bull; AUTOPINT SHOP- Car Repair System - Herramientas - Protecci\u00f3n - Pulidos - Detailing","robots":{"index":"index","follow":"follow","max-snippet":"max-snippet:-1","max-image-preview":"max-image-preview:large","max-video-preview":"max-video-preview:-1"},"canonical":"https:\/\/www.autopint.com.uy\/?product=quick-adhesion-promoter-400-ml","og_locale":"es_ES","og_type":"article","og_title":"Promotor De Adherencia Para Pl\u00e1sticos Spray 400 ML &bull; AUTOPINT SHOP- Car Repair System - Herramientas - Protecci\u00f3n - Pulidos - Detailing","og_description":"QUICK PLASTIC PRIMER Imprimaci\u00f3n de adherencia basada en una soluci\u00f3n especial de aditivos que proporciona una adherencia mejorada sobre pl\u00e1sticos. Adecuado como promotor de adherencia en sistemas de pintura por pulverizaci\u00f3n. Su poder como promotor de adherencia sobre diversas superficies lo hace ideal en el pintado de pl\u00e1sticos. Secado muy r\u00e1pido, de 10 minutos Facilidad &hellip; Promotor De Adherencia Para Pl\u00e1sticos Spray 400 ML Leer m\u00e1s &raquo;","og_url":"https:\/\/www.autopint.com.uy\/?product=quick-adhesion-promoter-400-ml","og_site_name":"AUTOPINT SHOP- Car Repair System - Herramientas - Protecci\u00f3n - Pulidos - Detailing","article_modified_time":"2024-09-05T15:27:28+00:00","og_image":[{"width":600,"height":600,"url":"https:\/\/www.autopint.com.uy\/wp-content\/uploads\/2020\/06\/5006-001091-QUICK-ADHESION-PROMOTER-400-ML-600x600-1.jpg","type":"image\/jpeg"}],"twitter_card":"summary_large_image","twitter_misc":{"Tiempo de lectura":"1 minuto"},"schema":{"@context":"https:\/\/schema.org","@graph":[{"@type":"WebPage","@id":"https:\/\/www.autopint.com.uy\/?product=quick-adhesion-promoter-400-ml","url":"https:\/\/www.autopint.com.uy\/?product=quick-adhesion-promoter-400-ml","name":"Promotor De Adherencia Para Pl\u00e1sticos Spray 400 ML &bull; AUTOPINT SHOP- Car Repair System - Herramientas - Protecci\u00f3n - Pulidos - Detailing","isPartOf":{"@id":"https:\/\/www.autopint.com.uy\/#website"},"datePublished":"2020-06-10T20:18:43+00:00","dateModified":"2024-09-05T15:27:28+00:00","breadcrumb":{"@id":"https:\/\/www.autopint.com.uy\/?product=quick-adhesion-promoter-400-ml#breadcrumb"},"inLanguage":"es","potentialAction":[{"@type":"ReadAction","target":["https:\/\/www.autopint.com.uy\/?product=quick-adhesion-promoter-400-ml"]}]},{"@type":"BreadcrumbList","@id":"https:\/\/www.autopint.com.uy\/?product=quick-adhesion-promoter-400-ml#breadcrumb","itemListElement":[{"@type":"ListItem","position":1,"name":"Portada","item":"https:\/\/www.autopint.com.uy\/"},{"@type":"ListItem","position":2,"name":"Tienda","item":"https:\/\/www.autopint.com.uy\/?page_id=51"},{"@type":"ListItem","position":3,"name":"Promotor De Adherencia Para Pl\u00e1sticos Spray 400 ML"}]},{"@type":"WebSite","@id":"https:\/\/www.autopint.com.uy\/#website","url":"https:\/\/www.autopint.com.uy\/","name":"AUTOPINT SHOP- Car Repair System - Herramientas - Protecci\u00f3n - Pulidos - Detailing","description":"IMPORTACION Y VENTA DE INSUMOS PARA REPINTADO AUTOMOTRIZ","publisher":{"@id":"https:\/\/www.autopint.com.uy\/#organization"},"potentialAction":[{"@type":"SearchAction","target":{"@type":"EntryPoint","urlTemplate":"https:\/\/www.autopint.com.uy\/?s={search_term_string}"},"query-input":"required name=search_term_string"}],"inLanguage":"es"},{"@type":"Organization","@id":"https:\/\/www.autopint.com.uy\/#organization","name":"Autopint-Carrepairsystem","url":"https:\/\/www.autopint.com.uy\/","logo":{"@type":"ImageObject","inLanguage":"es","@id":"https:\/\/www.autopint.com.uy\/#\/schema\/logo\/image\/","url":"https:\/\/www.autopint.com.uy\/wp-content\/uploads\/2020\/05\/cropped-Logo-2.png","contentUrl":"https:\/\/www.autopint.com.uy\/wp-content\/uploads\/2020\/05\/cropped-Logo-2.png","width":600,"height":150,"caption":"Autopint-Carrepairsystem"},"image":{"@id":"https:\/\/www.autopint.com.uy\/#\/schema\/logo\/image\/"}}]}},"_links":{"self":[{"href":"https:\/\/www.autopint.com.uy\/index.php?rest_route=\/wp\/v2\/product\/630"}],"collection":[{"href":"https:\/\/www.autopint.com.uy\/index.php?rest_route=\/wp\/v2\/product"}],"about":[{"href":"https:\/\/www.autopint.com.uy\/index.php?rest_route=\/wp\/v2\/types\/product"}],"wp:featuredmedia":[{"embeddable":true,"href":"https:\/\/www.autopint.com.uy\/index.php?rest_route=\/wp\/v2\/media\/1703"}],"wp:attachment":[{"href":"https:\/\/www.autopint.com.uy\/index.php?rest_route=%2Fwp%2Fv2%2Fmedia&parent=630"}],"wp:term":[{"taxonomy":"product_cat","embeddable":true,"href":"https:\/\/www.autopint.com.uy\/index.php?rest_route=%2Fwp%2Fv2%2Fproduct_cat&post=630"},{"taxonomy":"product_tag","embeddable":true,"href":"https:\/\/www.autopint.com.uy\/index.php?rest_route=%2Fwp%2Fv2%2Fproduct_tag&post=630"}],"curies":[{"name":"wp","href":"https:\/\/api.w.org\/{rel}","templated":true}]}}