{"id":643,"date":"2020-06-10T17:18:44","date_gmt":"2020-06-10T20:18:44","guid":{"rendered":"https:\/\/www.autopint.com.uy\/index.php\/producto\/he-wash-primer-grey-400-ml\/"},"modified":"2026-02-11T09:53:38","modified_gmt":"2026-02-11T12:53:38","slug":"he-wash-primer-grey-400-ml","status":"publish","type":"product","link":"https:\/\/www.autopint.com.uy\/?product=he-wash-primer-grey-400-ml","title":{"rendered":"Fondo Wash Primer Gris Spray 400ml"},"content":{"rendered":"<h2 class=\"product_title entry-title show-product-nav\">HE WASH PRIMER<\/h2>\n<div class=\"product-nav\">\n<div class=\"product-next\"><\/div>\n<\/div>\n<div class=\"description woocommerce-product-details__short-description\">\n<h6 class=\"p1\">Imprimaci\u00f3n \/ promotor de adherencia.<\/h6>\n<h4 class=\"p1\">CARACTER\u00cdSTICAS<\/h4>\n<ul>\n<li class=\"p1\">\n<h6>Aplicaci\u00f3n directa sobre metales desnudos tales como acero, zinc y aluminio.<\/h6>\n<\/li>\n<li class=\"p1\">\n<h6>Secado r\u00e1pido, repintable h\u00famedo sobre h\u00famedo tras la evaporaci\u00f3n con cualquier sistema.<\/h6>\n<\/li>\n<li class=\"p1\">\n<h6>Excelentes propiedades anticorrosivas.<\/h6>\n<\/li>\n<li class=\"p1\">\n<h6>Previo al uso de cualquier aparejo.<\/h6>\n<\/li>\n<\/ul>\n<\/div>\n","protected":false},"excerpt":{"rendered":"<p>HE WASH PRIMER Imprimaci\u00f3n \/ promotor de adherencia. CARACTER\u00cdSTICAS Aplicaci\u00f3n directa sobre metales desnudos tales como acero, zinc y aluminio. Secado r\u00e1pido, repintable h\u00famedo sobre h\u00famedo tras la evaporaci\u00f3n con cualquier sistema. Excelentes propiedades anticorrosivas. Previo al uso de cualquier aparejo.<\/p>\n","protected":false},"featured_media":896,"template":"","meta":{"site-sidebar-layout":"default","site-content-layout":"default","ast-global-header-display":"","ast-main-header-display":"","ast-hfb-above-header-display":"","ast-hfb-below-header-display":"","ast-hfb-mobile-header-display":"","site-post-title":"","ast-breadcrumbs-content":"","ast-featured-img":"","footer-sml-layout":"","theme-transparent-header-meta":"default","adv-header-id-meta":"","stick-header-meta":"","header-above-stick-meta":"","header-main-stick-meta":"","header-below-stick-meta":"","_joinchat":{"telephone":"+59898715457"}},"product_cat":[26,24],"product_tag":[],"yoast_head":"<!-- This site is optimized with the Yoast SEO plugin v19.11 - https:\/\/yoast.com\/wordpress\/plugins\/seo\/ -->\n<title>Fondo Wash Primer Gris Spray 400ml &bull; AUTOPINT SHOP- Car Repair System - Herramientas - Protecci\u00f3n - Pulidos - Detailing<\/title>\n<meta name=\"description\" content=\"imprimacion\/ promotor de adherencia\/ fondo wash primer spray. color gris. Aplicaci\u00f3n directa sobre metales desnudos tales como acero, zinc y aluminio.\" \/>\n<meta name=\"robots\" content=\"index, follow, max-snippet:-1, max-image-preview:large, max-video-preview:-1\" \/>\n<link rel=\"canonical\" href=\"https:\/\/www.autopint.com.uy\/?product=he-wash-primer-grey-400-ml\" \/>\n<meta property=\"og:locale\" content=\"es_ES\" \/>\n<meta property=\"og:type\" content=\"article\" \/>\n<meta property=\"og:title\" content=\"Fondo Wash Primer Gris Spray 400ml &bull; AUTOPINT SHOP- Car Repair System - Herramientas - Protecci\u00f3n - Pulidos - Detailing\" \/>\n<meta property=\"og:description\" content=\"imprimacion\/ promotor de adherencia\/ fondo wash primer spray. color gris. Aplicaci\u00f3n directa sobre metales desnudos tales como acero, zinc y aluminio.\" \/>\n<meta property=\"og:url\" content=\"https:\/\/www.autopint.com.uy\/?product=he-wash-primer-grey-400-ml\" \/>\n<meta property=\"og:site_name\" content=\"AUTOPINT SHOP- Car Repair System - Herramientas - Protecci\u00f3n - Pulidos - Detailing\" \/>\n<meta property=\"article:modified_time\" content=\"2026-02-11T12:53:38+00:00\" \/>\n<meta property=\"og:image\" content=\"https:\/\/www.autopint.com.uy\/wp-content\/uploads\/2020\/06\/37-3.jpg\" \/>\n\t<meta property=\"og:image:width\" content=\"350\" \/>\n\t<meta property=\"og:image:height\" content=\"350\" \/>\n\t<meta property=\"og:image:type\" content=\"image\/jpeg\" \/>\n<meta name=\"twitter:card\" content=\"summary_large_image\" \/>\n<meta name=\"twitter:label1\" content=\"Tiempo de lectura\" \/>\n\t<meta name=\"twitter:data1\" content=\"1 minuto\" \/>\n<script type=\"application\/ld+json\" class=\"yoast-schema-graph\">{\"@context\":\"https:\/\/schema.org\",\"@graph\":[{\"@type\":\"WebPage\",\"@id\":\"https:\/\/www.autopint.com.uy\/?product=he-wash-primer-grey-400-ml\",\"url\":\"https:\/\/www.autopint.com.uy\/?product=he-wash-primer-grey-400-ml\",\"name\":\"Fondo Wash Primer Gris Spray 400ml &bull; AUTOPINT SHOP- Car Repair System - Herramientas - Protecci\u00f3n - Pulidos - Detailing\",\"isPartOf\":{\"@id\":\"https:\/\/www.autopint.com.uy\/#website\"},\"datePublished\":\"2020-06-10T20:18:44+00:00\",\"dateModified\":\"2026-02-11T12:53:38+00:00\",\"description\":\"imprimacion\/ promotor de adherencia\/ fondo wash primer spray. color gris. Aplicaci\u00f3n directa sobre metales desnudos tales como acero, zinc y aluminio.\",\"breadcrumb\":{\"@id\":\"https:\/\/www.autopint.com.uy\/?product=he-wash-primer-grey-400-ml#breadcrumb\"},\"inLanguage\":\"es\",\"potentialAction\":[{\"@type\":\"ReadAction\",\"target\":[\"https:\/\/www.autopint.com.uy\/?product=he-wash-primer-grey-400-ml\"]}]},{\"@type\":\"BreadcrumbList\",\"@id\":\"https:\/\/www.autopint.com.uy\/?product=he-wash-primer-grey-400-ml#breadcrumb\",\"itemListElement\":[{\"@type\":\"ListItem\",\"position\":1,\"name\":\"Portada\",\"item\":\"https:\/\/www.autopint.com.uy\/\"},{\"@type\":\"ListItem\",\"position\":2,\"name\":\"Tienda\",\"item\":\"https:\/\/www.autopint.com.uy\/?page_id=51\"},{\"@type\":\"ListItem\",\"position\":3,\"name\":\"Fondo Wash Primer Gris Spray 400ml\"}]},{\"@type\":\"WebSite\",\"@id\":\"https:\/\/www.autopint.com.uy\/#website\",\"url\":\"https:\/\/www.autopint.com.uy\/\",\"name\":\"AUTOPINT SHOP- Car Repair System - Herramientas - Protecci\u00f3n - Pulidos - Detailing\",\"description\":\"IMPORTACION Y VENTA DE INSUMOS PARA REPINTADO AUTOMOTRIZ\",\"publisher\":{\"@id\":\"https:\/\/www.autopint.com.uy\/#organization\"},\"potentialAction\":[{\"@type\":\"SearchAction\",\"target\":{\"@type\":\"EntryPoint\",\"urlTemplate\":\"https:\/\/www.autopint.com.uy\/?s={search_term_string}\"},\"query-input\":\"required name=search_term_string\"}],\"inLanguage\":\"es\"},{\"@type\":\"Organization\",\"@id\":\"https:\/\/www.autopint.com.uy\/#organization\",\"name\":\"Autopint-Carrepairsystem\",\"url\":\"https:\/\/www.autopint.com.uy\/\",\"logo\":{\"@type\":\"ImageObject\",\"inLanguage\":\"es\",\"@id\":\"https:\/\/www.autopint.com.uy\/#\/schema\/logo\/image\/\",\"url\":\"https:\/\/www.autopint.com.uy\/wp-content\/uploads\/2020\/05\/cropped-Logo-2.png\",\"contentUrl\":\"https:\/\/www.autopint.com.uy\/wp-content\/uploads\/2020\/05\/cropped-Logo-2.png\",\"width\":600,\"height\":150,\"caption\":\"Autopint-Carrepairsystem\"},\"image\":{\"@id\":\"https:\/\/www.autopint.com.uy\/#\/schema\/logo\/image\/\"}}]}<\/script>\n<!-- \/ Yoast SEO plugin. -->","yoast_head_json":{"title":"Fondo Wash Primer Gris Spray 400ml &bull; AUTOPINT SHOP- Car Repair System - Herramientas - Protecci\u00f3n - Pulidos - Detailing","description":"imprimacion\/ promotor de adherencia\/ fondo wash primer spray. color gris. Aplicaci\u00f3n directa sobre metales desnudos tales como acero, zinc y aluminio.","robots":{"index":"index","follow":"follow","max-snippet":"max-snippet:-1","max-image-preview":"max-image-preview:large","max-video-preview":"max-video-preview:-1"},"canonical":"https:\/\/www.autopint.com.uy\/?product=he-wash-primer-grey-400-ml","og_locale":"es_ES","og_type":"article","og_title":"Fondo Wash Primer Gris Spray 400ml &bull; AUTOPINT SHOP- Car Repair System - Herramientas - Protecci\u00f3n - Pulidos - Detailing","og_description":"imprimacion\/ promotor de adherencia\/ fondo wash primer spray. color gris. Aplicaci\u00f3n directa sobre metales desnudos tales como acero, zinc y aluminio.","og_url":"https:\/\/www.autopint.com.uy\/?product=he-wash-primer-grey-400-ml","og_site_name":"AUTOPINT SHOP- Car Repair System - Herramientas - Protecci\u00f3n - Pulidos - Detailing","article_modified_time":"2026-02-11T12:53:38+00:00","og_image":[{"width":350,"height":350,"url":"https:\/\/www.autopint.com.uy\/wp-content\/uploads\/2020\/06\/37-3.jpg","type":"image\/jpeg"}],"twitter_card":"summary_large_image","twitter_misc":{"Tiempo de lectura":"1 minuto"},"schema":{"@context":"https:\/\/schema.org","@graph":[{"@type":"WebPage","@id":"https:\/\/www.autopint.com.uy\/?product=he-wash-primer-grey-400-ml","url":"https:\/\/www.autopint.com.uy\/?product=he-wash-primer-grey-400-ml","name":"Fondo Wash Primer Gris Spray 400ml &bull; AUTOPINT SHOP- Car Repair System - Herramientas - Protecci\u00f3n - Pulidos - Detailing","isPartOf":{"@id":"https:\/\/www.autopint.com.uy\/#website"},"datePublished":"2020-06-10T20:18:44+00:00","dateModified":"2026-02-11T12:53:38+00:00","description":"imprimacion\/ promotor de adherencia\/ fondo wash primer spray. color gris. Aplicaci\u00f3n directa sobre metales desnudos tales como acero, zinc y aluminio.","breadcrumb":{"@id":"https:\/\/www.autopint.com.uy\/?product=he-wash-primer-grey-400-ml#breadcrumb"},"inLanguage":"es","potentialAction":[{"@type":"ReadAction","target":["https:\/\/www.autopint.com.uy\/?product=he-wash-primer-grey-400-ml"]}]},{"@type":"BreadcrumbList","@id":"https:\/\/www.autopint.com.uy\/?product=he-wash-primer-grey-400-ml#breadcrumb","itemListElement":[{"@type":"ListItem","position":1,"name":"Portada","item":"https:\/\/www.autopint.com.uy\/"},{"@type":"ListItem","position":2,"name":"Tienda","item":"https:\/\/www.autopint.com.uy\/?page_id=51"},{"@type":"ListItem","position":3,"name":"Fondo Wash Primer Gris Spray 400ml"}]},{"@type":"WebSite","@id":"https:\/\/www.autopint.com.uy\/#website","url":"https:\/\/www.autopint.com.uy\/","name":"AUTOPINT SHOP- Car Repair System - Herramientas - Protecci\u00f3n - Pulidos - Detailing","description":"IMPORTACION Y VENTA DE INSUMOS PARA REPINTADO AUTOMOTRIZ","publisher":{"@id":"https:\/\/www.autopint.com.uy\/#organization"},"potentialAction":[{"@type":"SearchAction","target":{"@type":"EntryPoint","urlTemplate":"https:\/\/www.autopint.com.uy\/?s={search_term_string}"},"query-input":"required name=search_term_string"}],"inLanguage":"es"},{"@type":"Organization","@id":"https:\/\/www.autopint.com.uy\/#organization","name":"Autopint-Carrepairsystem","url":"https:\/\/www.autopint.com.uy\/","logo":{"@type":"ImageObject","inLanguage":"es","@id":"https:\/\/www.autopint.com.uy\/#\/schema\/logo\/image\/","url":"https:\/\/www.autopint.com.uy\/wp-content\/uploads\/2020\/05\/cropped-Logo-2.png","contentUrl":"https:\/\/www.autopint.com.uy\/wp-content\/uploads\/2020\/05\/cropped-Logo-2.png","width":600,"height":150,"caption":"Autopint-Carrepairsystem"},"image":{"@id":"https:\/\/www.autopint.com.uy\/#\/schema\/logo\/image\/"}}]}},"_links":{"self":[{"href":"https:\/\/www.autopint.com.uy\/index.php?rest_route=\/wp\/v2\/product\/643"}],"collection":[{"href":"https:\/\/www.autopint.com.uy\/index.php?rest_route=\/wp\/v2\/product"}],"about":[{"href":"https:\/\/www.autopint.com.uy\/index.php?rest_route=\/wp\/v2\/types\/product"}],"wp:featuredmedia":[{"embeddable":true,"href":"https:\/\/www.autopint.com.uy\/index.php?rest_route=\/wp\/v2\/media\/896"}],"wp:attachment":[{"href":"https:\/\/www.autopint.com.uy\/index.php?rest_route=%2Fwp%2Fv2%2Fmedia&parent=643"}],"wp:term":[{"taxonomy":"product_cat","embeddable":true,"href":"https:\/\/www.autopint.com.uy\/index.php?rest_route=%2Fwp%2Fv2%2Fproduct_cat&post=643"},{"taxonomy":"product_tag","embeddable":true,"href":"https:\/\/www.autopint.com.uy\/index.php?rest_route=%2Fwp%2Fv2%2Fproduct_tag&post=643"}],"curies":[{"name":"wp","href":"https:\/\/api.w.org\/{rel}","templated":true}]}}