{"id":966,"date":"2020-06-30T21:54:36","date_gmt":"2020-07-01T00:54:36","guid":{"rendered":"https:\/\/www.autopint.com.uy\/index.php\/producto\/import-placeholder-for-911\/"},"modified":"2026-03-09T16:48:11","modified_gmt":"2026-03-09T19:48:11","slug":"kit-barniz-hs-4050-5l-catalizador-hs-star-lack-25l","status":"publish","type":"product","link":"https:\/\/www.autopint.com.uy\/?product=kit-barniz-hs-4050-5l-catalizador-hs-star-lack-25l","title":{"rendered":"Kit Barniz HS 4050 5L + Catalizador HS Star Lack 2,5L"},"content":{"rendered":"<h2 class=\"product_title entry-title show-product-nav\">STAR LACK BARNIZ HS 4050 PLUS<\/h2>\n<div class=\"product-nav\">\n<div class=\"product-prev\"><\/div>\n<div class=\"product-next\"><\/div>\n<\/div>\n<div class=\"description woocommerce-product-details__short-description\">\n<h4>CARACTER\u00cdSTICAS<\/h4>\n<ul>\n<li>\n<h6>Barniz HS con propiedades anti ara\u00f1azos.<\/h6>\n<\/li>\n<li>\n<h6>Secado r\u00e1pido al aire.<\/h6>\n<\/li>\n<li>\n<h6>Permite un acabado muy productivo.<\/h6>\n<\/li>\n<li>\n<h6>F\u00e1cil de aplicar.<\/h6>\n<\/li>\n<li>\n<h6>No necesita diluyente.<\/h6>\n<\/li>\n<li>\n<h6>Gran variedad de catalizadores.<\/h6>\n<\/li>\n<li>\n<h6>Proporci\u00f3n de mezcla 2:1.<\/h6>\n<\/li>\n<\/ul>\n<\/div>\n","protected":false},"excerpt":{"rendered":"<p>STAR LACK BARNIZ HS 4050 PLUS CARACTER\u00cdSTICAS Barniz HS con propiedades anti ara\u00f1azos. Secado r\u00e1pido al aire. Permite un acabado muy productivo. F\u00e1cil de aplicar. No necesita diluyente. Gran variedad de catalizadores. Proporci\u00f3n de mezcla 2:1.<\/p>\n","protected":false},"featured_media":1496,"template":"","meta":{"site-sidebar-layout":"default","site-content-layout":"default","ast-global-header-display":"","ast-main-header-display":"","ast-hfb-above-header-display":"","ast-hfb-below-header-display":"","ast-hfb-mobile-header-display":"","site-post-title":"","ast-breadcrumbs-content":"","ast-featured-img":"","footer-sml-layout":"","theme-transparent-header-meta":"default","adv-header-id-meta":"","stick-header-meta":"","header-above-stick-meta":"","header-main-stick-meta":"","header-below-stick-meta":"","_joinchat":{"telephone":"+59898715457"}},"product_cat":[27],"product_tag":[],"yoast_head":"<!-- This site is optimized with the Yoast SEO plugin v19.11 - https:\/\/yoast.com\/wordpress\/plugins\/seo\/ -->\n<title>Kit Barniz HS 4050 5L + Catalizador HS Star Lack 2,5L &bull; AUTOPINT SHOP- Car Repair System - Herramientas - Protecci\u00f3n - Pulidos - Detailing<\/title>\n<meta name=\"description\" content=\"kit barniz 5l+ catalizador 2.5l. facil de aplicar - no necita diluyente- barniz hs con propiedades anti ara\u00f1azos. secado rapido al aire.\" \/>\n<meta name=\"robots\" content=\"index, follow, max-snippet:-1, max-image-preview:large, max-video-preview:-1\" \/>\n<link rel=\"canonical\" href=\"https:\/\/www.autopint.com.uy\/?product=kit-barniz-hs-4050-5l-catalizador-hs-star-lack-25l\" \/>\n<meta property=\"og:locale\" content=\"es_ES\" \/>\n<meta property=\"og:type\" content=\"article\" \/>\n<meta property=\"og:title\" content=\"Kit Barniz HS 4050 5L + Catalizador HS Star Lack 2,5L &bull; AUTOPINT SHOP- Car Repair System - Herramientas - Protecci\u00f3n - Pulidos - Detailing\" \/>\n<meta property=\"og:description\" content=\"kit barniz 5l+ catalizador 2.5l. facil de aplicar - no necita diluyente- barniz hs con propiedades anti ara\u00f1azos. secado rapido al aire.\" \/>\n<meta property=\"og:url\" content=\"https:\/\/www.autopint.com.uy\/?product=kit-barniz-hs-4050-5l-catalizador-hs-star-lack-25l\" \/>\n<meta property=\"og:site_name\" content=\"AUTOPINT SHOP- Car Repair System - Herramientas - Protecci\u00f3n - Pulidos - Detailing\" \/>\n<meta property=\"article:modified_time\" content=\"2026-03-09T19:48:11+00:00\" \/>\n<meta property=\"og:image\" content=\"https:\/\/www.autopint.com.uy\/wp-content\/uploads\/2020\/06\/barniz-4050cata25.jpg\" \/>\n\t<meta property=\"og:image:width\" content=\"1080\" \/>\n\t<meta property=\"og:image:height\" content=\"1080\" \/>\n\t<meta property=\"og:image:type\" content=\"image\/jpeg\" \/>\n<meta name=\"twitter:card\" content=\"summary_large_image\" \/>\n<meta name=\"twitter:label1\" content=\"Tiempo de lectura\" \/>\n\t<meta name=\"twitter:data1\" content=\"1 minuto\" \/>\n<script type=\"application\/ld+json\" class=\"yoast-schema-graph\">{\"@context\":\"https:\/\/schema.org\",\"@graph\":[{\"@type\":\"WebPage\",\"@id\":\"https:\/\/www.autopint.com.uy\/?product=kit-barniz-hs-4050-5l-catalizador-hs-star-lack-25l\",\"url\":\"https:\/\/www.autopint.com.uy\/?product=kit-barniz-hs-4050-5l-catalizador-hs-star-lack-25l\",\"name\":\"Kit Barniz HS 4050 5L + Catalizador HS Star Lack 2,5L &bull; AUTOPINT SHOP- Car Repair System - Herramientas - Protecci\u00f3n - Pulidos - Detailing\",\"isPartOf\":{\"@id\":\"https:\/\/www.autopint.com.uy\/#website\"},\"datePublished\":\"2020-07-01T00:54:36+00:00\",\"dateModified\":\"2026-03-09T19:48:11+00:00\",\"description\":\"kit barniz 5l+ catalizador 2.5l. facil de aplicar - no necita diluyente- barniz hs con propiedades anti ara\u00f1azos. secado rapido al aire.\",\"breadcrumb\":{\"@id\":\"https:\/\/www.autopint.com.uy\/?product=kit-barniz-hs-4050-5l-catalizador-hs-star-lack-25l#breadcrumb\"},\"inLanguage\":\"es\",\"potentialAction\":[{\"@type\":\"ReadAction\",\"target\":[\"https:\/\/www.autopint.com.uy\/?product=kit-barniz-hs-4050-5l-catalizador-hs-star-lack-25l\"]}]},{\"@type\":\"BreadcrumbList\",\"@id\":\"https:\/\/www.autopint.com.uy\/?product=kit-barniz-hs-4050-5l-catalizador-hs-star-lack-25l#breadcrumb\",\"itemListElement\":[{\"@type\":\"ListItem\",\"position\":1,\"name\":\"Portada\",\"item\":\"https:\/\/www.autopint.com.uy\/\"},{\"@type\":\"ListItem\",\"position\":2,\"name\":\"Tienda\",\"item\":\"https:\/\/www.autopint.com.uy\/?page_id=51\"},{\"@type\":\"ListItem\",\"position\":3,\"name\":\"Kit Barniz HS 4050 5L + Catalizador HS Star Lack 2,5L\"}]},{\"@type\":\"WebSite\",\"@id\":\"https:\/\/www.autopint.com.uy\/#website\",\"url\":\"https:\/\/www.autopint.com.uy\/\",\"name\":\"AUTOPINT SHOP- Car Repair System - Herramientas - Protecci\u00f3n - Pulidos - Detailing\",\"description\":\"IMPORTACION Y VENTA DE INSUMOS PARA REPINTADO AUTOMOTRIZ\",\"publisher\":{\"@id\":\"https:\/\/www.autopint.com.uy\/#organization\"},\"potentialAction\":[{\"@type\":\"SearchAction\",\"target\":{\"@type\":\"EntryPoint\",\"urlTemplate\":\"https:\/\/www.autopint.com.uy\/?s={search_term_string}\"},\"query-input\":\"required name=search_term_string\"}],\"inLanguage\":\"es\"},{\"@type\":\"Organization\",\"@id\":\"https:\/\/www.autopint.com.uy\/#organization\",\"name\":\"Autopint-Carrepairsystem\",\"url\":\"https:\/\/www.autopint.com.uy\/\",\"logo\":{\"@type\":\"ImageObject\",\"inLanguage\":\"es\",\"@id\":\"https:\/\/www.autopint.com.uy\/#\/schema\/logo\/image\/\",\"url\":\"https:\/\/www.autopint.com.uy\/wp-content\/uploads\/2020\/05\/cropped-Logo-2.png\",\"contentUrl\":\"https:\/\/www.autopint.com.uy\/wp-content\/uploads\/2020\/05\/cropped-Logo-2.png\",\"width\":600,\"height\":150,\"caption\":\"Autopint-Carrepairsystem\"},\"image\":{\"@id\":\"https:\/\/www.autopint.com.uy\/#\/schema\/logo\/image\/\"}}]}<\/script>\n<!-- \/ Yoast SEO plugin. -->","yoast_head_json":{"title":"Kit Barniz HS 4050 5L + Catalizador HS Star Lack 2,5L &bull; AUTOPINT SHOP- Car Repair System - Herramientas - Protecci\u00f3n - Pulidos - Detailing","description":"kit barniz 5l+ catalizador 2.5l. facil de aplicar - no necita diluyente- barniz hs con propiedades anti ara\u00f1azos. secado rapido al aire.","robots":{"index":"index","follow":"follow","max-snippet":"max-snippet:-1","max-image-preview":"max-image-preview:large","max-video-preview":"max-video-preview:-1"},"canonical":"https:\/\/www.autopint.com.uy\/?product=kit-barniz-hs-4050-5l-catalizador-hs-star-lack-25l","og_locale":"es_ES","og_type":"article","og_title":"Kit Barniz HS 4050 5L + Catalizador HS Star Lack 2,5L &bull; AUTOPINT SHOP- Car Repair System - Herramientas - Protecci\u00f3n - Pulidos - Detailing","og_description":"kit barniz 5l+ catalizador 2.5l. facil de aplicar - no necita diluyente- barniz hs con propiedades anti ara\u00f1azos. secado rapido al aire.","og_url":"https:\/\/www.autopint.com.uy\/?product=kit-barniz-hs-4050-5l-catalizador-hs-star-lack-25l","og_site_name":"AUTOPINT SHOP- Car Repair System - Herramientas - Protecci\u00f3n - Pulidos - Detailing","article_modified_time":"2026-03-09T19:48:11+00:00","og_image":[{"width":1080,"height":1080,"url":"https:\/\/www.autopint.com.uy\/wp-content\/uploads\/2020\/06\/barniz-4050cata25.jpg","type":"image\/jpeg"}],"twitter_card":"summary_large_image","twitter_misc":{"Tiempo de lectura":"1 minuto"},"schema":{"@context":"https:\/\/schema.org","@graph":[{"@type":"WebPage","@id":"https:\/\/www.autopint.com.uy\/?product=kit-barniz-hs-4050-5l-catalizador-hs-star-lack-25l","url":"https:\/\/www.autopint.com.uy\/?product=kit-barniz-hs-4050-5l-catalizador-hs-star-lack-25l","name":"Kit Barniz HS 4050 5L + Catalizador HS Star Lack 2,5L &bull; AUTOPINT SHOP- Car Repair System - Herramientas - Protecci\u00f3n - Pulidos - Detailing","isPartOf":{"@id":"https:\/\/www.autopint.com.uy\/#website"},"datePublished":"2020-07-01T00:54:36+00:00","dateModified":"2026-03-09T19:48:11+00:00","description":"kit barniz 5l+ catalizador 2.5l. facil de aplicar - no necita diluyente- barniz hs con propiedades anti ara\u00f1azos. secado rapido al aire.","breadcrumb":{"@id":"https:\/\/www.autopint.com.uy\/?product=kit-barniz-hs-4050-5l-catalizador-hs-star-lack-25l#breadcrumb"},"inLanguage":"es","potentialAction":[{"@type":"ReadAction","target":["https:\/\/www.autopint.com.uy\/?product=kit-barniz-hs-4050-5l-catalizador-hs-star-lack-25l"]}]},{"@type":"BreadcrumbList","@id":"https:\/\/www.autopint.com.uy\/?product=kit-barniz-hs-4050-5l-catalizador-hs-star-lack-25l#breadcrumb","itemListElement":[{"@type":"ListItem","position":1,"name":"Portada","item":"https:\/\/www.autopint.com.uy\/"},{"@type":"ListItem","position":2,"name":"Tienda","item":"https:\/\/www.autopint.com.uy\/?page_id=51"},{"@type":"ListItem","position":3,"name":"Kit Barniz HS 4050 5L + Catalizador HS Star Lack 2,5L"}]},{"@type":"WebSite","@id":"https:\/\/www.autopint.com.uy\/#website","url":"https:\/\/www.autopint.com.uy\/","name":"AUTOPINT SHOP- Car Repair System - Herramientas - Protecci\u00f3n - Pulidos - Detailing","description":"IMPORTACION Y VENTA DE INSUMOS PARA REPINTADO AUTOMOTRIZ","publisher":{"@id":"https:\/\/www.autopint.com.uy\/#organization"},"potentialAction":[{"@type":"SearchAction","target":{"@type":"EntryPoint","urlTemplate":"https:\/\/www.autopint.com.uy\/?s={search_term_string}"},"query-input":"required name=search_term_string"}],"inLanguage":"es"},{"@type":"Organization","@id":"https:\/\/www.autopint.com.uy\/#organization","name":"Autopint-Carrepairsystem","url":"https:\/\/www.autopint.com.uy\/","logo":{"@type":"ImageObject","inLanguage":"es","@id":"https:\/\/www.autopint.com.uy\/#\/schema\/logo\/image\/","url":"https:\/\/www.autopint.com.uy\/wp-content\/uploads\/2020\/05\/cropped-Logo-2.png","contentUrl":"https:\/\/www.autopint.com.uy\/wp-content\/uploads\/2020\/05\/cropped-Logo-2.png","width":600,"height":150,"caption":"Autopint-Carrepairsystem"},"image":{"@id":"https:\/\/www.autopint.com.uy\/#\/schema\/logo\/image\/"}}]}},"_links":{"self":[{"href":"https:\/\/www.autopint.com.uy\/index.php?rest_route=\/wp\/v2\/product\/966"}],"collection":[{"href":"https:\/\/www.autopint.com.uy\/index.php?rest_route=\/wp\/v2\/product"}],"about":[{"href":"https:\/\/www.autopint.com.uy\/index.php?rest_route=\/wp\/v2\/types\/product"}],"wp:featuredmedia":[{"embeddable":true,"href":"https:\/\/www.autopint.com.uy\/index.php?rest_route=\/wp\/v2\/media\/1496"}],"wp:attachment":[{"href":"https:\/\/www.autopint.com.uy\/index.php?rest_route=%2Fwp%2Fv2%2Fmedia&parent=966"}],"wp:term":[{"taxonomy":"product_cat","embeddable":true,"href":"https:\/\/www.autopint.com.uy\/index.php?rest_route=%2Fwp%2Fv2%2Fproduct_cat&post=966"},{"taxonomy":"product_tag","embeddable":true,"href":"https:\/\/www.autopint.com.uy\/index.php?rest_route=%2Fwp%2Fv2%2Fproduct_tag&post=966"}],"curies":[{"name":"wp","href":"https:\/\/api.w.org\/{rel}","templated":true}]}}